CRAN Package Check Results for Package kntnr

Last updated on 2024-06-23 06:56:35 CEST.

Flavor Version Tinstall Tcheck Ttotal Status Flags
r-devel-linux-x86_64-debian-clang 0.4.4 3.82 48.77 52.59 NOTE
r-devel-linux-x86_64-debian-gcc 0.4.4 3.92 35.46 39.38 NOTE
r-devel-linux-x86_64-fedora-clang 0.4.4 67.54 NOTE
r-devel-linux-x86_64-fedora-gcc 0.4.4 62.73 NOTE
r-devel-windows-x86_64 0.4.4 5.00 56.00 61.00 NOTE
r-patched-linux-x86_64 0.4.4 4.32 44.84 49.16 NOTE
r-release-linux-x86_64 0.4.4 3.14 47.25 50.39 NOTE
r-release-macos-arm64 0.4.4 25.00 NOTE
r-release-macos-x86_64 0.4.4 34.00 NOTE
r-release-windows-x86_64 0.4.4 7.00 57.00 64.00 NOTE
r-oldrel-macos-arm64 0.4.4 24.00 NOTE
r-oldrel-macos-x86_64 0.4.4 35.00 NOTE
r-oldrel-windows-x86_64 0.4.4 7.00 62.00 69.00 NOTE

Check Details

Version: 0.4.4
Check: LazyData
Result: NOTE 'LazyData' is specified without a 'data' directory Flavors: r-devel-linux-x86_64-debian-clang, r-devel-linux-x86_64-debian-gcc, r-devel-linux-x86_64-fedora-clang, r-devel-linux-x86_64-fedora-gcc, r-devel-windows-x86_64, r-patched-linux-x86_64, r-release-linux-x86_64, r-release-macos-arm64, r-release-macos-x86_64, r-release-windows-x86_64, r-oldrel-macos-arm64, r-oldrel-macos-x86_64, r-oldrel-windows-x86_64