CRAN Package Check Results for Package ks

Last updated on 2019-12-15 05:47:42 CET.

Flavor Version Tinstall Tcheck Ttotal Status Flags
r-devel-linux-x86_64-debian-clang 1.11.6 25.76 168.56 194.32 OK
r-devel-linux-x86_64-debian-gcc 1.11.6 20.08 124.73 144.81 OK
r-devel-linux-x86_64-fedora-clang 1.11.6 227.81 OK
r-devel-linux-x86_64-fedora-gcc 1.11.6 225.66 OK
r-devel-windows-ix86+x86_64 1.11.6 31.00 295.00 326.00 OK
r-devel-windows-ix86+x86_64-gcc8 1.11.6 38.00 329.00 367.00 OK
r-patched-linux-x86_64 1.11.6 21.01 150.19 171.20 OK
r-patched-solaris-x86 1.11.6 369.80 OK
r-release-linux-x86_64 1.11.6 20.57 149.55 170.12 OK
r-release-windows-ix86+x86_64 1.11.6 36.00 217.00 253.00 OK
r-release-osx-x86_64 1.11.6 NOTE
r-oldrel-windows-ix86+x86_64 1.11.6 25.00 191.00 216.00 OK
r-oldrel-osx-x86_64 1.11.6 NOTE

Check Details

Version: 1.11.6
Check: dependencies in R code
Result: NOTE
    No protocol specified
Flavors: r-release-osx-x86_64, r-oldrel-osx-x86_64