CRAN Package Check Results for Package kselection

Last updated on 2020-01-26 05:47:17 CET.

Flavor Version Tinstall Tcheck Ttotal Status Flags
r-devel-linux-x86_64-debian-clang 0.2.0 1.76 22.47 24.23 NOTE
r-devel-linux-x86_64-debian-gcc 0.2.0 1.60 17.48 19.08 NOTE
r-devel-linux-x86_64-fedora-clang 0.2.0 29.40 NOTE
r-devel-linux-x86_64-fedora-gcc 0.2.0 29.13 NOTE
r-devel-windows-ix86+x86_64 0.2.0 6.00 52.00 58.00 NOTE
r-devel-windows-ix86+x86_64-gcc8 0.2.0 10.00 46.00 56.00 NOTE
r-patched-linux-x86_64 0.2.0 1.60 20.36 21.96 NOTE
r-patched-solaris-x86 0.2.0 40.70 NOTE
r-release-linux-x86_64 0.2.0 1.49 20.31 21.80 NOTE
r-release-windows-ix86+x86_64 0.2.0 3.00 34.00 37.00 NOTE
r-release-osx-x86_64 0.2.0 NOTE
r-oldrel-windows-ix86+x86_64 0.2.0 2.00 33.00 35.00 NOTE
r-oldrel-osx-x86_64 0.2.0 NOTE

Check Details

Version: 0.2.0
Check: R code for possible problems
Result: NOTE
    kselection: no visible global function definition for 'txtProgressBar'
    kselection: no visible global function definition for
     'setTxtProgressBar'
    plot.Kselection: no visible global function definition for 'plot'
    plot.Kselection: no visible global function definition for 'lines'
    plot.Kselection: no visible global function definition for 'legend'
    Undefined global functions or variables:
     legend lines plot setTxtProgressBar txtProgressBar
    Consider adding
     importFrom("graphics", "legend", "lines", "plot")
     importFrom("utils", "setTxtProgressBar", "txtProgressBar")
    to your NAMESPACE file.
Flavors: r-devel-linux-x86_64-debian-clang, r-devel-linux-x86_64-debian-gcc, r-devel-linux-x86_64-fedora-clang, r-devel-linux-x86_64-fedora-gcc, r-devel-windows-ix86+x86_64, r-devel-windows-ix86+x86_64-gcc8, r-patched-linux-x86_64, r-patched-solaris-x86, r-release-linux-x86_64, r-release-windows-ix86+x86_64, r-release-osx-x86_64, r-oldrel-windows-ix86+x86_64, r-oldrel-osx-x86_64