CRAN Package Check Results for Package labelrank

Last updated on 2021-10-16 05:51:26 CEST.

Flavor Version Tinstall Tcheck Ttotal Status Flags
r-devel-linux-x86_64-debian-clang 0.1 2.14 25.48 27.62 NOTE
r-devel-linux-x86_64-debian-gcc 0.1 1.55 20.28 21.83 NOTE
r-devel-linux-x86_64-fedora-clang 0.1 43.85 OK
r-devel-linux-x86_64-fedora-gcc 0.1 33.10 OK
r-devel-windows-x86_64 0.1 3.00 34.00 37.00 NOTE
r-devel-windows-x86_64-gcc10-UCRT 0.1 OK
r-patched-linux-x86_64 0.1 1.88 23.90 25.78 NOTE
r-patched-solaris-x86 0.1 52.60 OK
r-release-linux-x86_64 0.1 2.08 23.62 25.70 NOTE
r-release-macos-arm64 0.1 OK
r-release-macos-x86_64 0.1 OK
r-release-windows-ix86+x86_64 0.1 5.00 45.00 50.00 NOTE
r-oldrel-macos-x86_64 0.1 OK
r-oldrel-windows-ix86+x86_64 0.1 5.00 43.00 48.00 NOTE

Check Details

Version: 0.1
Check: package vignettes
Result: NOTE
    Package vignette with placeholder title 'Vignette Title':
     'labelrank.Rmd'
Flavors: r-devel-linux-x86_64-debian-clang, r-devel-linux-x86_64-debian-gcc, r-devel-windows-x86_64, r-patched-linux-x86_64, r-release-linux-x86_64, r-release-windows-ix86+x86_64, r-oldrel-windows-ix86+x86_64