CRAN Package Check Results for Package lactcurves

Last updated on 2022-01-16 05:51:24 CET.

Flavor Version Tinstall Tcheck Ttotal Status Flags
r-devel-linux-x86_64-debian-clang 1.1.0 12.23 50.25 62.48 NOTE
r-devel-linux-x86_64-debian-gcc 1.1.0 12.17 38.23 50.40 NOTE
r-devel-linux-x86_64-fedora-clang 1.1.0 80.33 NOTE
r-devel-linux-x86_64-fedora-gcc 1.1.0 68.49 NOTE
r-devel-windows-x86_64-new-UL 1.1.0 30.00 60.00 90.00 NOTE
r-devel-windows-x86_64-new-TK 1.1.0 NOTE
r-patched-linux-x86_64 1.1.0 14.48 48.68 63.16 NOTE
r-release-linux-x86_64 1.1.0 NOTE
r-release-macos-arm64 1.1.0 NOTE
r-release-macos-x86_64 1.1.0 NOTE
r-release-windows-ix86+x86_64 1.1.0 22.00 56.00 78.00 NOTE
r-oldrel-macos-x86_64 1.1.0 OK
r-oldrel-windows-ix86+x86_64 1.1.0 22.00 54.00 76.00 OK

Check Details

Version: 1.1.0
Check: LazyData
Result: NOTE
     'LazyData' is specified without a 'data' directory
Flavors: r-devel-linux-x86_64-debian-clang, r-devel-linux-x86_64-debian-gcc, r-devel-linux-x86_64-fedora-clang, r-devel-linux-x86_64-fedora-gcc, r-devel-windows-x86_64-new-UL, r-devel-windows-x86_64-new-TK, r-patched-linux-x86_64, r-release-linux-x86_64, r-release-macos-arm64, r-release-macos-x86_64, r-release-windows-ix86+x86_64