CRAN Package Check Results for Package landsat

Last updated on 2024-06-22 06:50:49 CEST.

Flavor Version Tinstall Tcheck Ttotal Status Flags
r-devel-linux-x86_64-debian-clang 1.1.2 9.11 105.74 114.85 NOTE
r-devel-linux-x86_64-debian-gcc 1.1.2 7.10 76.66 83.76 NOTE
r-devel-linux-x86_64-fedora-clang 1.1.2 138.59 NOTE
r-devel-linux-x86_64-fedora-gcc 1.1.2 133.66 NOTE
r-devel-windows-x86_64 1.1.2 9.00 96.00 105.00 NOTE
r-patched-linux-x86_64 1.1.2 11.42 98.95 110.37 NOTE
r-release-linux-x86_64 1.1.2 8.06 98.75 106.81 NOTE
r-release-macos-arm64 1.1.2 42.00 NOTE
r-release-macos-x86_64 1.1.2 66.00 NOTE
r-release-windows-x86_64 1.1.2 10.00 100.00 110.00 NOTE
r-oldrel-macos-arm64 1.1.2 47.00 OK
r-oldrel-macos-x86_64 1.1.2 120.00 OK
r-oldrel-windows-x86_64 1.1.2 13.00 112.00 125.00 OK

Check Details

Version: 1.1.2
Check: Rd files
Result: NOTE checkRd: (-1) DOS.Rd:34: Lost braces; missing escapes or markup? 34 | Band-specific sensor $G_{rescale}$ (gain). Require either gain and offset or Grescale and Brescale to convert DN to radiance. | ^ checkRd: (-1) DOS.Rd:37: Lost braces; missing escapes or markup? 37 | Band-specific sensor $B_{rescale}$ (bias). Require either gain and offset or Grescale and Brescale to convert DN to radiance. | ^ Flavors: r-devel-linux-x86_64-debian-clang, r-devel-linux-x86_64-debian-gcc, r-devel-linux-x86_64-fedora-clang, r-devel-linux-x86_64-fedora-gcc, r-devel-windows-x86_64, r-patched-linux-x86_64, r-release-linux-x86_64, r-release-macos-arm64, r-release-macos-x86_64, r-release-windows-x86_64