CRAN Package Check Results for Package landscapemetrics

Last updated on 2024-02-25 06:08:32 CET.

Flavor Version Tinstall Tcheck Ttotal Status Flags
r-devel-linux-x86_64-debian-clang 2.1.1 166.74 284.68 451.42 OK
r-devel-linux-x86_64-debian-gcc 2.1.1 121.99 211.46 333.45 OK
r-devel-linux-x86_64-fedora-clang 2.1.1 605.60 OK
r-devel-linux-x86_64-fedora-gcc 2.1.1 595.15 OK
r-devel-windows-x86_64 2.1.1 125.00 283.00 408.00 OK
r-patched-linux-x86_64 2.1.1 168.22 272.22 440.44 OK
r-release-linux-x86_64 2.1.1 155.97 271.71 427.68 OK
r-release-macos-arm64 2.1.1 147.00 NOTE
r-release-macos-x86_64 2.1.1 259.00 NOTE
r-release-windows-x86_64 2.1.1 160.00 352.00 512.00 OK
r-oldrel-macos-arm64 2.1.1 144.00 NOTE
r-oldrel-windows-x86_64 2.1.1 148.00 320.00 468.00 OK

Check Details

Version: 2.1.1
Check: installed package size
Result: NOTE installed size is 5.2Mb sub-directories of 1Mb or more: libs 3.5Mb Flavors: r-release-macos-arm64, r-release-macos-x86_64, r-oldrel-macos-arm64