CRAN Package Check Results for Package lares

Last updated on 2022-01-25 05:54:46 CET.

Flavor Version Tinstall Tcheck Ttotal Status Flags
r-devel-linux-x86_64-debian-clang 5.0.4 23.33 256.38 279.71 OK
r-devel-linux-x86_64-debian-gcc 5.0.4 21.91 195.81 217.72 OK
r-devel-linux-x86_64-fedora-clang 5.0.4 349.32 OK
r-devel-linux-x86_64-fedora-gcc 5.0.4 331.08 OK
r-devel-windows-x86_64-new-UL 5.0.4 179.00 393.00 572.00 OK
r-devel-windows-x86_64-new-TK 5.0.4 OK
r-patched-linux-x86_64 5.0.4 27.07 242.39 269.46 OK
r-release-linux-x86_64 5.0.4 22.85 244.64 267.49 OK
r-release-macos-arm64 5.0.3 WARN
r-release-macos-x86_64 5.0.4 OK
r-release-windows-ix86+x86_64 5.0.4 46.00 361.00 407.00 OK
r-oldrel-macos-x86_64 5.0.4 OK
r-oldrel-windows-ix86+x86_64 5.0.4 47.00 367.00 414.00 OK

Check Details

Version: 5.0.3
Check: re-building of vignette outputs
Result: WARN
    Error(s) in re-building vignettes:
     ...
    --- re-building ‘h2o_automl.Rmd’ using rmarkdown
    openjdk version "11.0.12" 2021-07-20 LTS
    OpenJDK Runtime Environment Zulu11.50+19-CA (build 11.0.12+7-LTS)
    OpenJDK 64-Bit Server VM Zulu11.50+19-CA (build 11.0.12+7-LTS, mixed mode)
    Quitting from lines 100-101 (h2o_automl.Rmd)
    Error: processing vignette 'h2o_automl.Rmd' failed with diagnostics:
    NO MODELS TRAINED. Please set max_models to at least 1 and increase max_time
    --- failed re-building ‘h2o_automl.Rmd’
    
    SUMMARY: processing the following file failed:
     ‘h2o_automl.Rmd’
    
    Error: Vignette re-building failed.
    Execution halted
Flavor: r-release-macos-arm64