CRAN Package Check Results for Package latte

Last updated on 2024-06-21 06:58:16 CEST.

Flavor Version Tinstall Tcheck Ttotal Status Flags
r-devel-linux-x86_64-debian-clang 0.2.1 9.08 69.62 78.70 NOTE
r-devel-linux-x86_64-debian-gcc 0.2.1 6.17 51.81 57.98 NOTE
r-devel-linux-x86_64-fedora-clang 0.2.1 98.51 NOTE
r-devel-linux-x86_64-fedora-gcc 0.2.1 92.01 NOTE
r-devel-windows-x86_64 0.2.1 9.00 72.00 81.00 NOTE
r-patched-linux-x86_64 0.2.1 14.24 67.09 81.33 NOTE
r-release-linux-x86_64 0.2.1 6.32 66.43 72.75 NOTE
r-release-macos-arm64 0.2.1 31.00 NOTE
r-release-macos-x86_64 0.2.1 45.00 NOTE
r-release-windows-x86_64 0.2.1 11.00 73.00 84.00 NOTE
r-oldrel-macos-arm64 0.2.1 31.00 NOTE
r-oldrel-macos-x86_64 0.2.1 49.00 NOTE
r-oldrel-windows-x86_64 0.2.1 11.00 82.00 93.00 NOTE

Check Details

Version: 0.2.1
Check: LazyData
Result: NOTE 'LazyData' is specified without a 'data' directory Flavors: r-devel-linux-x86_64-debian-clang, r-devel-linux-x86_64-debian-gcc, r-devel-linux-x86_64-fedora-clang, r-devel-linux-x86_64-fedora-gcc, r-devel-windows-x86_64, r-patched-linux-x86_64, r-release-linux-x86_64, r-release-macos-arm64, r-release-macos-x86_64, r-release-windows-x86_64, r-oldrel-macos-arm64, r-oldrel-macos-x86_64, r-oldrel-windows-x86_64