CRAN Package Check Results for Package lazytrade

Last updated on 2021-06-23 05:49:31 CEST.

Flavor Version Tinstall Tcheck Ttotal Status Flags
r-devel-linux-x86_64-debian-clang 0.5.2 5.12 59.29 64.41 OK
r-devel-linux-x86_64-debian-gcc 0.5.2 4.89 44.52 49.41 OK
r-devel-linux-x86_64-fedora-clang 0.5.2 86.58 OK
r-devel-linux-x86_64-fedora-gcc 0.5.2 78.21 OK
r-devel-windows-x86_64 0.5.2 10.00 85.00 95.00 OK
r-devel-windows-x86_64-gcc10-UCRT 0.5.2 NOTE
r-patched-linux-x86_64 0.5.2 6.15 55.97 62.12 OK
r-patched-solaris-x86 0.5.2 93.40 OK
r-release-linux-x86_64 0.5.1 4.90 52.31 57.21 OK
r-release-macos-arm64 0.5.1 OK
r-release-macos-x86_64 0.5.2 OK
r-release-windows-ix86+x86_64 0.5.1 8.00 58.00 66.00 OK
r-oldrel-macos-x86_64 0.5.2 OK
r-oldrel-windows-ix86+x86_64 0.5.2 12.00 83.00 95.00 OK

Check Details

Version: 0.5.2
Check: package dependencies
Result: NOTE
    Package suggested but not available for checking: 'covr'
Flavor: r-devel-windows-x86_64-gcc10-UCRT