CRAN Package Check Results for Package lazytrade

Last updated on 2024-06-13 06:58:06 CEST.

Flavor Version Tinstall Tcheck Ttotal Status Flags
r-devel-linux-x86_64-debian-clang 0.5.3 7.31 68.36 75.67 OK
r-devel-linux-x86_64-debian-gcc 0.5.3 0.66 1.74 2.40 ERROR
r-devel-linux-x86_64-fedora-clang 0.5.3 90.74 OK
r-devel-linux-x86_64-fedora-gcc 0.5.3 86.75 OK
r-devel-windows-x86_64 0.5.3 6.00 88.00 94.00 OK
r-patched-linux-x86_64 0.5.3 7.06 64.68 71.74 OK
r-release-linux-x86_64 0.5.3 4.38 65.88 70.26 OK
r-release-macos-arm64 0.5.3 33.00 OK
r-release-macos-x86_64 0.5.3 50.00 OK
r-release-windows-x86_64 0.5.3 9.00 96.00 105.00 OK
r-oldrel-macos-arm64 0.5.3 30.00 OK
r-oldrel-macos-x86_64 0.5.3 39.00 OK
r-oldrel-windows-x86_64 0.5.3 10.00 99.00 109.00 OK

Check Details

Version: 0.5.3
Check: package dependencies
Result: ERROR Packages required but not available: 'readr', 'stringr', 'dplyr', 'tibble', 'lubridate', 'ggplot2', 'ReinforcementLearning' Package suggested but not available for checking: ‘testthat’ See section ‘The DESCRIPTION file’ in the ‘Writing R Extensions’ manual. Flavor: r-devel-linux-x86_64-debian-gcc