CRAN Package Check Results for Package lba

Last updated on 2019-06-24 05:58:06 CEST.

Flavor Version Tinstall Tcheck Ttotal Status Flags
r-devel-linux-x86_64-debian-clang 2.4.4 10.28 65.39 75.67 NOTE
r-devel-linux-x86_64-debian-gcc 2.4.4 9.41 51.33 60.74 NOTE
r-devel-linux-x86_64-fedora-clang 2.4.4 89.50 NOTE
r-devel-linux-x86_64-fedora-gcc 2.4.4 87.18 NOTE
r-devel-windows-ix86+x86_64 2.4.4 26.00 80.00 106.00 NOTE
r-patched-linux-x86_64 2.4.4 10.38 66.43 76.81 NOTE
r-patched-solaris-x86 2.4.4 130.30 NOTE
r-release-linux-x86_64 2.4.4 10.65 67.18 77.83 NOTE
r-release-windows-ix86+x86_64 2.4.4 19.00 103.00 122.00 NOTE
r-release-osx-x86_64 2.4.4 WARN
r-oldrel-windows-ix86+x86_64 2.4.4 15.00 71.00 86.00 NOTE
r-oldrel-osx-x86_64 2.4.4 OK

Check Details

Version: 2.4.4
Check: R code for possible problems
Result: NOTE
    plotcorr.lba.3d: warning in pch3d(colcoordi[, dim], pch = pch.budget,
     col = col.budget, ...): partial argument match of 'col' to 'color'
Flavors: r-devel-linux-x86_64-debian-clang, r-devel-linux-x86_64-debian-gcc, r-devel-linux-x86_64-fedora-clang, r-devel-linux-x86_64-fedora-gcc, r-devel-windows-ix86+x86_64, r-patched-linux-x86_64, r-patched-solaris-x86, r-release-linux-x86_64, r-release-windows-ix86+x86_64, r-release-osx-x86_64, r-oldrel-windows-ix86+x86_64

Version: 2.4.4
Check: whether package can be installed
Result: WARN
    Found the following significant warnings:
     Warning: 'rgl_init' failed, running with rgl.useNULL = TRUE
Flavor: r-release-osx-x86_64