CRAN Package Check Results for Package lba

Last updated on 2019-09-15 05:46:17 CEST.

Flavor Version Tinstall Tcheck Ttotal Status Flags
r-devel-linux-x86_64-debian-clang 2.4.4 13.10 65.84 78.94 NOTE
r-devel-linux-x86_64-debian-gcc 2.4.4 8.80 51.95 60.75 NOTE
r-devel-linux-x86_64-fedora-clang 2.4.4 90.06 NOTE
r-devel-linux-x86_64-fedora-gcc 2.4.4 89.51 NOTE
r-devel-windows-ix86+x86_64 2.4.4 34.00 75.00 109.00 NOTE
r-patched-linux-x86_64 2.4.4 10.02 66.02 76.04 NOTE
r-patched-solaris-x86 2.4.4 122.50 NOTE
r-release-linux-x86_64 2.4.4 10.94 65.66 76.60 NOTE
r-release-windows-ix86+x86_64 2.4.4 25.00 115.00 140.00 NOTE
r-release-osx-x86_64 2.4.4 WARN
r-oldrel-windows-ix86+x86_64 2.4.4 23.00 72.00 95.00 NOTE
r-oldrel-osx-x86_64 2.4.4 OK

Check Details

Version: 2.4.4
Check: R code for possible problems
Result: NOTE
    plotcorr.lba.3d: warning in pch3d(colcoordi[, dim], pch = pch.budget,
     col = col.budget, ...): partial argument match of 'col' to 'color'
Flavors: r-devel-linux-x86_64-debian-clang, r-devel-linux-x86_64-debian-gcc, r-devel-linux-x86_64-fedora-clang, r-devel-linux-x86_64-fedora-gcc, r-devel-windows-ix86+x86_64, r-patched-linux-x86_64, r-patched-solaris-x86, r-release-linux-x86_64, r-release-windows-ix86+x86_64, r-release-osx-x86_64, r-oldrel-windows-ix86+x86_64

Version: 2.4.4
Check: whether package can be installed
Result: WARN
    Found the following significant warnings:
     Warning: 'rgl_init' failed, running with rgl.useNULL = TRUE
Flavor: r-release-osx-x86_64