CRAN Package Check Results for Package lbfgsb3

Last updated on 2019-12-10 05:48:16 CET.

Flavor Version Tinstall Tcheck Ttotal Status Flags
r-devel-linux-x86_64-debian-clang 2015-2.13.1 4.17 35.85 40.02 OK
r-devel-linux-x86_64-debian-gcc 2015-2.13.1 3.22 27.04 30.26 OK
r-devel-linux-x86_64-fedora-clang 2015-2.13.1 48.36 NOTE
r-devel-linux-x86_64-fedora-gcc 2015-2.13.1 47.91 NOTE
r-devel-windows-ix86+x86_64 2015-2.13.1 13.00 94.00 107.00 OK
r-devel-windows-ix86+x86_64-gcc8 2015-2.13.1 13.00 90.00 103.00 OK
r-patched-linux-x86_64 2015-2.13.1 3.16 33.38 36.54 OK
r-patched-solaris-x86 2015-2.13.1 79.20 OK
r-release-linux-x86_64 2015-2.13.1 3.17 33.49 36.66 OK
r-release-windows-ix86+x86_64 2015-2.13.1 12.00 70.00 82.00 OK
r-release-osx-x86_64 2015-2.13.1 OK
r-oldrel-windows-ix86+x86_64 2015-2.13.1 12.00 93.00 105.00 OK
r-oldrel-osx-x86_64 2015-2.13.1 OK

Check Details

Version: 2015-2.13.1
Check: compiled code
Result: NOTE
    File ‘lbfgsb3/libs/lbfgsb3.so’:
     Found no calls to: ‘R_registerRoutines’, ‘R_useDynamicSymbols’
    
    It is good practice to register native routines and to disable symbol
    search.
    
    See ‘Writing portable packages’ in the ‘Writing R Extensions’ manual.
Flavors: r-devel-linux-x86_64-fedora-clang, r-devel-linux-x86_64-fedora-gcc