CRAN Package Check Results for Package lcc

Last updated on 2021-12-05 05:52:50 CET.

Flavor Version Tinstall Tcheck Ttotal Status Flags
r-devel-linux-x86_64-debian-clang 1.1.3 9.28 85.61 94.89 OK
r-devel-linux-x86_64-debian-gcc 1.1.3 6.53 64.25 70.78 OK
r-devel-linux-x86_64-fedora-clang 1.1.3 113.83 NOTE
r-devel-linux-x86_64-fedora-gcc 1.1.3 100.57 OK
r-devel-windows-x86_64-new-UL 1.1.3 23.00 118.00 141.00 OK
r-devel-windows-x86_64-new-TK 1.1.3 OK
r-devel-windows-x86_64-old 1.1.3 16.00 71.00 87.00 OK
r-patched-linux-x86_64 1.1.3 9.28 71.70 80.98 OK
r-release-linux-x86_64 1.1.3 8.90 78.76 87.66 OK
r-release-macos-arm64 1.1.3 OK
r-release-macos-x86_64 1.1.3 OK
r-release-windows-ix86+x86_64 1.1.3 20.00 111.00 131.00 OK
r-oldrel-macos-x86_64 1.1.3 OK
r-oldrel-windows-ix86+x86_64 1.1.3 21.00 97.00 118.00 OK

Check Details

Version: 1.1.3
Check: Rd cross-references
Result: NOTE
    Undeclared package ‘gridExtra’ in Rd xrefs
Flavor: r-devel-linux-x86_64-fedora-clang