CRAN Package Check Results for Package lda

Last updated on 2022-12-08 06:56:45 CET.

Flavor Version Tinstall Tcheck Ttotal Status Flags
r-devel-linux-x86_64-debian-clang 1.4.2 4.63 46.67 51.30 OK
r-devel-linux-x86_64-debian-gcc 1.4.2 4.36 38.23 42.59 OK
r-devel-linux-x86_64-fedora-clang 1.4.2 76.50 NOTE
r-devel-linux-x86_64-fedora-gcc 1.4.2 74.10 NOTE
r-devel-windows-x86_64 1.4.2 27.00 92.00 119.00 OK
r-patched-linux-x86_64 1.4.2 5.09 43.07 48.16 OK
r-release-linux-x86_64 1.4.2 4.75 44.34 49.09 OK
r-release-macos-arm64 1.4.2 26.00 OK
r-release-macos-x86_64 1.4.2 34.00 OK
r-release-windows-x86_64 1.4.2 23.00 91.00 114.00 OK
r-oldrel-macos-arm64 1.4.2 29.00 OK
r-oldrel-macos-x86_64 1.4.2 50.00 OK
r-oldrel-windows-ix86+x86_64 1.4.2 12.00 88.00 100.00 OK

Check Details

Version: 1.4.2
Check: compiled code
Result: NOTE
    File ‘lda/libs/lda.so’:
     Found no calls to: ‘R_registerRoutines’, ‘R_useDynamicSymbols’
    
    It is good practice to register native routines and to disable symbol
    search.
    
    See ‘Writing portable packages’ in the ‘Writing R Extensions’ manual.
Flavors: r-devel-linux-x86_64-fedora-clang, r-devel-linux-x86_64-fedora-gcc