CRAN Package Check Results for Package lda

Last updated on 2020-06-01 05:48:17 CEST.

Flavor Version Tinstall Tcheck Ttotal Status Flags
r-devel-linux-x86_64-debian-clang 1.4.2 4.66 39.60 44.26 OK
r-devel-linux-x86_64-debian-gcc 1.4.2 3.57 32.32 35.89 OK
r-devel-linux-x86_64-fedora-clang 1.4.2 62.31 NOTE
r-devel-linux-x86_64-fedora-gcc 1.4.2 53.68 NOTE
r-devel-windows-ix86+x86_64 1.4.2 14.00 65.00 79.00 OK
r-patched-linux-x86_64 1.4.2 4.35 39.71 44.06 OK
r-patched-solaris-x86 1.4.2 88.90 OK
r-release-linux-x86_64 1.4.2 3.80 39.34 43.14 OK
r-release-osx-x86_64 1.4.2 OK
r-release-windows-ix86+x86_64 1.4.2 11.00 89.00 100.00 OK
r-oldrel-osx-x86_64 1.4.2 OK
r-oldrel-windows-ix86+x86_64 1.4.2 17.00 69.00 86.00 OK

Check Details

Version: 1.4.2
Check: compiled code
Result: NOTE
    File ‘lda/libs/lda.so’:
     Found no calls to: ‘R_registerRoutines’, ‘R_useDynamicSymbols’
    
    It is good practice to register native routines and to disable symbol
    search.
    
    See ‘Writing portable packages’ in the ‘Writing R Extensions’ manual.
Flavors: r-devel-linux-x86_64-fedora-clang, r-devel-linux-x86_64-fedora-gcc