Last updated on 2023-09-26 07:10:03 CEST.
Flavor | Version | Tinstall | Tcheck | Ttotal | Status | Flags |
---|---|---|---|---|---|---|
r-devel-linux-x86_64-debian-clang | 0.0.2 | 44.74 | 73.15 | 117.89 | NOTE | |
r-devel-linux-x86_64-debian-gcc | 0.0.2 | 34.26 | 52.99 | 87.25 | NOTE | |
r-devel-linux-x86_64-fedora-clang | 0.0.2 | 168.51 | NOTE | |||
r-devel-linux-x86_64-fedora-gcc | 0.0.2 | 176.26 | NOTE | |||
r-devel-windows-x86_64 | 0.0.2 | 40.00 | 99.00 | 139.00 | NOTE | |
r-patched-linux-x86_64 | 0.0.2 | 44.72 | 67.96 | 112.68 | NOTE | |
r-release-linux-x86_64 | 0.0.2 | 47.96 | 68.06 | 116.02 | NOTE | |
r-release-macos-arm64 | 0.0.2 | 54.00 | NOTE | |||
r-release-macos-x86_64 | 0.0.2 | 85.00 | NOTE | |||
r-release-windows-x86_64 | 0.0.2 | 50.00 | 114.00 | 164.00 | NOTE | |
r-oldrel-macos-arm64 | 0.0.2 | 44.00 | OK | |||
r-oldrel-macos-x86_64 | 0.0.2 | 70.00 | OK | |||
r-oldrel-windows-x86_64 | 0.0.2 | 49.00 | 106.00 | 155.00 | OK |
Version: 0.0.2
Check: C++ specification
Result: NOTE
Specified C++11: please drop specification unless essential
Flavors: r-devel-linux-x86_64-debian-clang, r-devel-linux-x86_64-debian-gcc, r-devel-linux-x86_64-fedora-clang, r-devel-linux-x86_64-fedora-gcc, r-devel-windows-x86_64, r-patched-linux-x86_64, r-release-linux-x86_64, r-release-macos-arm64, r-release-macos-x86_64, r-release-windows-x86_64
Version: 0.0.2
Check: package subdirectories
Result: NOTE
Problems with news in ‘NEWS.md’:
No news entries found.
Flavors: r-devel-linux-x86_64-debian-clang, r-devel-linux-x86_64-debian-gcc, r-devel-linux-x86_64-fedora-clang, r-devel-linux-x86_64-fedora-gcc, r-devel-windows-x86_64, r-patched-linux-x86_64, r-release-linux-x86_64, r-release-macos-arm64, r-release-macos-x86_64, r-release-windows-x86_64