CRAN Package Check Results for Package leafdown

Last updated on 2022-12-08 06:56:45 CET.

Flavor Version Tinstall Tcheck Ttotal Status Flags
r-devel-linux-x86_64-debian-clang 1.2.0 5.81 84.81 90.62 OK
r-devel-linux-x86_64-debian-gcc 1.2.0 4.80 64.76 69.56 OK
r-devel-linux-x86_64-fedora-clang 1.2.0 126.56 NOTE
r-devel-linux-x86_64-fedora-gcc 1.2.0 128.85 NOTE
r-devel-windows-x86_64 1.2.0 36.00 129.00 165.00 OK
r-patched-linux-x86_64 1.2.0 5.90 80.96 86.86 OK
r-release-linux-x86_64 1.2.0 5.69 65.84 71.53 OK
r-release-macos-arm64 1.2.0 38.00 NOTE
r-release-macos-x86_64 1.2.0 53.00 NOTE
r-release-windows-x86_64 1.2.0 35.00 117.00 152.00 OK
r-oldrel-macos-arm64 1.2.0 42.00 NOTE
r-oldrel-macos-x86_64 1.2.0 61.00 NOTE
r-oldrel-windows-ix86+x86_64 1.2.0 15.00 114.00 129.00 OK

Check Details

Version: 1.2.0
Check: data for non-ASCII characters
Result: NOTE
     Note: found 75 marked UTF-8 strings
Flavors: r-devel-linux-x86_64-fedora-clang, r-devel-linux-x86_64-fedora-gcc, r-release-macos-arm64, r-release-macos-x86_64, r-oldrel-macos-arm64, r-oldrel-macos-x86_64