CRAN Package Check Results for Package leaflet.extras2

Last updated on 2022-01-21 05:52:13 CET.

Flavor Version Tinstall Tcheck Ttotal Status Flags
r-devel-linux-x86_64-debian-clang 1.1.0 OK
r-devel-linux-x86_64-debian-gcc 1.1.0 2.85 40.45 43.30 OK
r-devel-linux-x86_64-fedora-clang 1.1.0 69.16 NOTE
r-devel-linux-x86_64-fedora-gcc 1.1.0 57.00 OK
r-devel-windows-x86_64-new-UL 1.1.0 555.00 88.00 643.00 OK
r-devel-windows-x86_64-new-TK 1.1.0 OK
r-patched-linux-x86_64 1.1.0 10.51 50.48 60.99 OK
r-release-linux-x86_64 1.1.0 4.28 49.49 53.77 OK
r-release-macos-arm64 1.1.0 OK
r-release-macos-x86_64 1.1.0 OK
r-release-windows-ix86+x86_64 1.1.0 10.00 64.00 74.00 OK
r-oldrel-macos-x86_64 1.1.0 OK
r-oldrel-windows-ix86+x86_64 1.1.0 10.00 64.00 74.00 OK

Check Details

Version: 1.1.0
Check: Rd cross-references
Result: NOTE
    Undeclared package ‘htmlwidgets’ in Rd xrefs
Flavor: r-devel-linux-x86_64-fedora-clang