CRAN Package Check Results for Package leaps

Last updated on 2021-10-19 05:51:05 CEST.

Flavor Version Tinstall Tcheck Ttotal Status Flags
r-devel-linux-x86_64-debian-clang 3.1 4.39 24.39 28.78 OK
r-devel-linux-x86_64-debian-gcc 3.1 3.26 18.54 21.80 OK
r-devel-linux-x86_64-fedora-clang 3.1 45.69 NOTE
r-devel-linux-x86_64-fedora-gcc 3.1 35.13 NOTE
r-devel-windows-x86_64 3.1 8.00 40.00 48.00 OK
r-devel-windows-x86_64-gcc10-UCRT 3.1 OK
r-patched-linux-x86_64 3.1 4.26 23.42 27.68 OK
r-patched-solaris-x86 3.1 52.30 OK
r-release-linux-x86_64 3.1 4.16 24.00 28.16 OK
r-release-macos-arm64 3.1 OK
r-release-macos-x86_64 3.1 OK
r-release-windows-ix86+x86_64 3.1 10.00 58.00 68.00 OK
r-oldrel-macos-x86_64 3.1 OK
r-oldrel-windows-ix86+x86_64 3.1 19.00 51.00 70.00 OK

Check Details

Version: 3.1
Check: compiled code
Result: NOTE
    File ‘leaps/libs/leaps.so’:
     Found no calls to: ‘R_registerRoutines’, ‘R_useDynamicSymbols’
    
    It is good practice to register native routines and to disable symbol
    search.
    
    See ‘Writing portable packages’ in the ‘Writing R Extensions’ manual.
Flavors: r-devel-linux-x86_64-fedora-clang, r-devel-linux-x86_64-fedora-gcc