CRAN Package Check Results for Package learningtower

Last updated on 2024-06-24 06:49:14 CEST.

Flavor Version Tinstall Tcheck Ttotal Status Flags
r-devel-linux-x86_64-debian-clang 1.0.1 4.19 107.19 111.38 OK
r-devel-linux-x86_64-debian-gcc 1.0.1 3.53 84.08 87.61 OK
r-devel-linux-x86_64-fedora-clang 1.0.1 139.35 NOTE
r-devel-linux-x86_64-fedora-gcc 1.0.1 146.13 NOTE
r-devel-windows-x86_64 1.0.1 6.00 99.00 105.00 OK
r-patched-linux-x86_64 1.0.1 5.75 101.67 107.42 OK
r-release-linux-x86_64 1.0.1 4.62 101.01 105.63 OK
r-release-macos-arm64 1.0.1 57.00 OK
r-release-macos-x86_64 1.0.1 81.00 OK
r-release-windows-x86_64 1.0.1 7.00 107.00 114.00 OK
r-oldrel-macos-arm64 1.0.1 68.00 OK
r-oldrel-macos-x86_64 1.0.1 91.00 OK
r-oldrel-windows-x86_64 1.0.1 7.00 116.00 123.00 OK

Check Details

Version: 1.0.1
Check: data for non-ASCII characters
Result: NOTE Note: found 1 marked UTF-8 string Flavors: r-devel-linux-x86_64-fedora-clang, r-devel-linux-x86_64-fedora-gcc