CRAN Package Check Results for Package leiden

Last updated on 2021-06-18 05:48:49 CEST.

Flavor Version Tinstall Tcheck Ttotal Status Flags
r-devel-linux-x86_64-debian-clang 0.3.8 10.37 116.32 126.69 OK
r-devel-linux-x86_64-debian-gcc 0.3.8 8.47 88.80 97.27 OK
r-devel-linux-x86_64-fedora-clang 0.3.8 209.99 OK
r-devel-linux-x86_64-fedora-gcc 0.3.8 200.47 OK
r-devel-windows-x86_64 0.3.8 34.00 304.00 338.00 OK
r-devel-windows-x86_64-gcc10-UCRT 0.3.8 WARN
r-patched-linux-x86_64 0.3.8 10.76 110.75 121.51 OK
r-patched-solaris-x86 0.3.8 215.30 OK
r-release-linux-x86_64 0.3.8 11.03 111.84 122.87 OK
r-release-macos-arm64 0.3.8 OK
r-release-macos-x86_64 0.3.8 OK
r-release-windows-ix86+x86_64 0.3.8 59.00 303.00 362.00 OK
r-oldrel-macos-x86_64 0.3.8 OK
r-oldrel-windows-ix86+x86_64 0.3.8 44.00 273.00 317.00 OK

Check Details

Version: 0.3.8
Check: whether package can be installed
Result: WARN
    Found the following significant warnings:
     Warning: Python 'C:\Users\tomas\AppData\Local\basilisk\1.0.2\0\envs\r-reticulate\python.exe' was requested but 'C:/Users/tomas/AppData/Local/basilisk/1.0.2/0/python.exe' was loaded instead (see reticulate::py_config() for more information)
Flavor: r-devel-windows-x86_64-gcc10-UCRT