CRAN Package Check Results for Package leri

Last updated on 2023-02-09 05:54:14 CET.

Flavor Version Tinstall Tcheck Ttotal Status Flags
r-devel-linux-x86_64-debian-clang 0.0.1 1.72 36.41 38.13 NOTE
r-devel-linux-x86_64-debian-gcc 0.0.1 1.32 27.64 28.96 NOTE
r-devel-linux-x86_64-fedora-clang 0.0.1 47.49 NOTE
r-devel-linux-x86_64-fedora-gcc 0.0.1 57.09 NOTE
r-devel-windows-x86_64 0.0.1 14.00 63.00 77.00 NOTE
r-patched-linux-x86_64 0.0.1 2.25 36.15 38.40 NOTE
r-release-linux-x86_64 0.0.1 2.27 35.18 37.45 NOTE
r-release-macos-arm64 0.0.1 19.00 NOTE
r-release-macos-x86_64 0.0.1 25.00 NOTE
r-release-windows-x86_64 0.0.1 8.00 69.00 77.00 NOTE
r-oldrel-macos-arm64 0.0.1 20.00 NOTE
r-oldrel-macos-x86_64 0.0.1 32.00 NOTE
r-oldrel-windows-ix86+x86_64 0.0.1 5.00 61.00 66.00 NOTE

Check Details

Version: 0.0.1
Check: LazyData
Result: NOTE
     'LazyData' is specified without a 'data' directory
Flavors: r-devel-linux-x86_64-debian-clang, r-devel-linux-x86_64-debian-gcc, r-devel-linux-x86_64-fedora-clang, r-devel-linux-x86_64-fedora-gcc, r-devel-windows-x86_64, r-patched-linux-x86_64, r-release-linux-x86_64, r-release-macos-arm64, r-release-macos-x86_64, r-release-windows-x86_64, r-oldrel-macos-arm64, r-oldrel-macos-x86_64, r-oldrel-windows-ix86+x86_64