CRAN Package Check Results for Package lessR

Last updated on 2021-09-27 05:51:27 CEST.

Flavor Version Tinstall Tcheck Ttotal Status Flags
r-devel-linux-x86_64-debian-clang 4.0.3 38.71 248.72 287.43 OK
r-devel-linux-x86_64-debian-gcc 4.0.3 30.55 182.01 212.56 OK
r-devel-linux-x86_64-fedora-clang 4.0.3 346.81 NOTE
r-devel-linux-x86_64-fedora-gcc 4.0.3 335.66 OK
r-devel-windows-x86_64 4.0.3 41.00 244.00 285.00 NOTE
r-devel-windows-x86_64-gcc10-UCRT 4.0.3 OK
r-patched-linux-x86_64 4.0.3 39.15 252.75 291.90 OK
r-patched-solaris-x86 4.0.3 331.00 NOTE
r-release-linux-x86_64 4.0.3 34.20 253.64 287.84 OK
r-release-macos-arm64 4.0.3 NOTE
r-release-macos-x86_64 4.0.3 NOTE
r-release-windows-ix86+x86_64 4.0.3 63.00 229.00 292.00 NOTE
r-oldrel-macos-x86_64 4.0.3 NOTE
r-oldrel-windows-ix86+x86_64 4.0.3 40.00 223.00 263.00 NOTE

Check Details

Version: 4.0.3
Check: installed package size
Result: NOTE
     installed size is 7.9Mb
     sub-directories of 1Mb or more:
     R 1.2Mb
     doc 5.5Mb
Flavors: r-devel-linux-x86_64-fedora-clang, r-devel-windows-x86_64, r-patched-solaris-x86, r-release-macos-arm64, r-release-macos-x86_64, r-release-windows-ix86+x86_64, r-oldrel-macos-x86_64, r-oldrel-windows-ix86+x86_64