CRAN Package Check Results for Package lgr

Last updated on 2019-11-17 05:47:15 CET.

Flavor Version Tinstall Tcheck Ttotal Status Flags
r-devel-linux-x86_64-debian-clang 0.3.3 22.74 66.47 89.21 OK
r-devel-linux-x86_64-debian-gcc 0.3.3 21.16 52.94 74.10 OK
r-devel-linux-x86_64-fedora-clang 0.3.3 110.42 OK
r-devel-linux-x86_64-fedora-gcc 0.3.3 111.38 OK
r-devel-windows-ix86+x86_64 0.3.3 43.00 117.00 160.00 NOTE
r-patched-linux-x86_64 0.3.3 22.40 65.53 87.93 OK
r-patched-solaris-x86 0.3.3 154.90 NOTE
r-release-linux-x86_64 0.3.3 23.07 64.63 87.70 OK
r-release-windows-ix86+x86_64 0.3.3 23.00 86.00 109.00 NOTE
r-release-osx-x86_64 0.3.3 OK
r-oldrel-windows-ix86+x86_64 0.3.3 37.00 75.00 112.00 NOTE
r-oldrel-osx-x86_64 0.3.3 OK

Check Details

Version: 0.3.3
Check: package dependencies
Result: NOTE
    Package suggested but not available for checking: 'rsyslog'
Flavors: r-devel-windows-ix86+x86_64, r-release-windows-ix86+x86_64, r-oldrel-windows-ix86+x86_64

Version: 0.3.3
Check: Rd cross-references
Result: NOTE
    Package unavailable to check Rd xrefs: 'rsyslog'
Flavors: r-devel-windows-ix86+x86_64, r-release-windows-ix86+x86_64, r-oldrel-windows-ix86+x86_64

Version: 0.3.3
Check: package dependencies
Result: NOTE
    Package suggested but not available for checking: ‘RPostgres’
Flavor: r-patched-solaris-x86