CRAN Package Check Results for Package lgr

Last updated on 2020-06-05 05:48:50 CEST.

Flavor Version Tinstall Tcheck Ttotal Status Flags
r-devel-linux-x86_64-debian-clang 0.3.4 27.90 69.80 97.70 OK
r-devel-linux-x86_64-debian-gcc 0.3.4 20.58 55.50 76.08 OK
r-devel-linux-x86_64-fedora-clang 0.3.4 126.43 OK
r-devel-linux-x86_64-fedora-gcc 0.3.4 117.94 OK
r-devel-windows-ix86+x86_64 0.3.4 48.00 128.00 176.00 NOTE
r-patched-linux-x86_64 0.3.4 25.13 68.97 94.10 OK
r-patched-solaris-x86 0.3.4 161.70 NOTE
r-release-linux-x86_64 0.3.4 24.11 68.77 92.88 OK
r-release-osx-x86_64 0.3.4 OK
r-release-windows-ix86+x86_64 0.3.4 34.00 116.00 150.00 NOTE
r-oldrel-osx-x86_64 0.3.4 OK
r-oldrel-windows-ix86+x86_64 0.3.4 42.00 111.00 153.00 NOTE

Check Details

Version: 0.3.4
Check: package dependencies
Result: NOTE
    Package suggested but not available for checking: 'rsyslog'
Flavors: r-devel-windows-ix86+x86_64, r-release-windows-ix86+x86_64, r-oldrel-windows-ix86+x86_64

Version: 0.3.4
Check: Rd cross-references
Result: NOTE
    Package unavailable to check Rd xrefs: 'rsyslog'
Flavors: r-devel-windows-ix86+x86_64, r-release-windows-ix86+x86_64, r-oldrel-windows-ix86+x86_64

Version: 0.3.4
Check: package dependencies
Result: NOTE
    Package suggested but not available for checking: ‘RPostgres’
Flavor: r-patched-solaris-x86