CRAN Package Check Results for Package lgr

Last updated on 2019-09-18 05:47:02 CEST.

Flavor Version Tinstall Tcheck Ttotal Status Flags
r-devel-linux-x86_64-debian-clang 0.3.2 21.23 63.07 84.30 OK
r-devel-linux-x86_64-debian-gcc 0.3.2 20.30 50.73 71.03 OK
r-devel-linux-x86_64-fedora-clang 0.3.2 107.80 OK
r-devel-linux-x86_64-fedora-gcc 0.3.2 105.54 OK
r-devel-windows-ix86+x86_64 0.3.2 40.00 80.00 120.00 NOTE
r-patched-linux-x86_64 0.3.2 21.68 62.28 83.96 OK
r-patched-solaris-x86 0.3.2 140.90 NOTE
r-release-linux-x86_64 0.3.2 21.36 62.30 83.66 OK
r-release-windows-ix86+x86_64 0.3.2 26.00 117.00 143.00 NOTE
r-release-osx-x86_64 0.3.2 OK
r-oldrel-windows-ix86+x86_64 0.3.2 35.00 74.00 109.00 NOTE
r-oldrel-osx-x86_64 0.3.2 OK

Check Details

Version: 0.3.2
Check: package dependencies
Result: NOTE
    Package suggested but not available for checking: 'rsyslog'
Flavors: r-devel-windows-ix86+x86_64, r-release-windows-ix86+x86_64, r-oldrel-windows-ix86+x86_64

Version: 0.3.2
Check: Rd cross-references
Result: NOTE
    Package unavailable to check Rd xrefs: 'rsyslog'
Flavors: r-devel-windows-ix86+x86_64, r-release-windows-ix86+x86_64, r-oldrel-windows-ix86+x86_64

Version: 0.3.2
Check: package dependencies
Result: NOTE
    Package suggested but not available for checking: ‘RPostgres’
Flavor: r-patched-solaris-x86