CRAN Package Check Results for Package liger

Last updated on 2022-01-22 05:10:21 CET.

Flavor Version Tinstall Tcheck Ttotal Status Flags
r-devel-linux-x86_64-debian-clang 2.0.1 30.47 156.08 186.55 OK
r-devel-linux-x86_64-debian-gcc 2.0.1 25.27 103.22 128.49 OK
r-devel-linux-x86_64-fedora-clang 2.0.1 242.51 NOTE
r-devel-linux-x86_64-fedora-gcc 2.0.1 211.41 OK
r-devel-windows-x86_64-new-UL 2.0.1 44.00 195.00 239.00 NOTE
r-devel-windows-x86_64-new-TK 2.0.1 OK
r-patched-linux-x86_64 2.0.1 28.94 142.40 171.34 OK
r-release-linux-x86_64 2.0.1 32.68 144.78 177.46 OK
r-release-macos-arm64 2.0.1 NOTE
r-release-macos-x86_64 2.0.1 NOTE
r-release-windows-ix86+x86_64 2.0.1 82.00 205.00 287.00 NOTE
r-oldrel-macos-x86_64 2.0.1 NOTE
r-oldrel-windows-ix86+x86_64 2.0.1 82.00 209.00 291.00 NOTE

Check Details

Version: 2.0.1
Check: installed package size
Result: NOTE
     installed size is 6.6Mb
     sub-directories of 1Mb or more:
     data 3.3Mb
     doc 2.1Mb
     libs 1.0Mb
Flavors: r-devel-linux-x86_64-fedora-clang, r-devel-windows-x86_64-new-UL, r-release-macos-arm64, r-release-macos-x86_64, r-release-windows-ix86+x86_64, r-oldrel-macos-x86_64, r-oldrel-windows-ix86+x86_64