CRAN Package Check Results for Package lime

Last updated on 2021-07-26 05:55:09 CEST.

Flavor Version Tinstall Tcheck Ttotal Status Flags
r-devel-linux-x86_64-debian-clang 0.5.2 49.71 170.00 219.71 NOTE
r-devel-linux-x86_64-debian-gcc 0.5.2 32.44 133.61 166.05 OK
r-devel-linux-x86_64-fedora-clang 0.5.2 277.94 OK
r-devel-linux-x86_64-fedora-gcc 0.5.2 275.18 OK
r-devel-windows-x86_64 0.5.2 62.00 224.00 286.00 OK
r-devel-windows-x86_64-gcc10-UCRT 0.5.2 OK
r-patched-linux-x86_64 0.5.2 37.43 166.85 204.28 OK
r-patched-solaris-x86 0.5.2 489.50 OK
r-release-linux-x86_64 0.5.2 37.79 168.90 206.69 OK
r-release-macos-arm64 0.5.2 WARN
r-release-macos-x86_64 0.5.2 OK
r-release-windows-ix86+x86_64 0.5.2 112.00 315.00 427.00 OK
r-oldrel-macos-x86_64 0.5.2 OK
r-oldrel-windows-ix86+x86_64 0.5.2 79.00 330.00 409.00 OK

Check Details

Version: 0.5.2
Check: package dependencies
Result: NOTE
    Package suggested but not available for checking: 'mlr'
Flavor: r-devel-linux-x86_64-debian-clang

Version: 0.5.2
Check: re-building of vignette outputs
Result: WARN
    Error(s) in re-building vignettes:
     ...
    --- re-building ‘Understanding_lime.Rmd’ using rmarkdown
    Warning in engine$weave(file, quiet = quiet, encoding = enc) :
     Pandoc (>= 1.12.3) not available. Falling back to R Markdown v1.
    Quitting from lines 167-168 (Understanding_lime.Rmd)
    Error: processing vignette 'Understanding_lime.Rmd' failed with diagnostics:
    polygon edge not found
    --- failed re-building ‘Understanding_lime.Rmd’
    
    SUMMARY: processing the following file failed:
     ‘Understanding_lime.Rmd’
    
    Error: Vignette re-building failed.
    Execution halted
Flavor: r-release-macos-arm64