CRAN Package Check Results for Package linprog

Last updated on 2023-01-28 05:56:25 CET.

Flavor Version Tinstall Tcheck Ttotal Status Flags
r-devel-linux-x86_64-debian-clang 0.9-4 2.95 28.21 31.16 NOTE
r-devel-linux-x86_64-debian-gcc 0.9-4 2.62 21.71 24.33 NOTE
r-devel-linux-x86_64-fedora-clang 0.9-4 39.32 NOTE
r-devel-linux-x86_64-fedora-gcc 0.9-4 37.51 NOTE
r-devel-windows-x86_64 0.9-4 16.00 55.00 71.00 NOTE
r-patched-linux-x86_64 0.9-4 3.81 27.37 31.18 OK
r-release-linux-x86_64 0.9-4 2.77 27.39 30.16 OK
r-release-macos-arm64 0.9-4 16.00 OK
r-release-macos-x86_64 0.9-4 23.00 OK
r-release-windows-x86_64 0.9-4 11.00 55.00 66.00 OK
r-oldrel-macos-arm64 0.9-4 23.00 OK
r-oldrel-macos-x86_64 0.9-4 24.00 OK
r-oldrel-windows-ix86+x86_64 0.9-4 7.00 54.00 61.00 OK

Check Details

Version: 0.9-4
Check: Rd files
Result: NOTE
    checkRd: (-1) solveLP.Rd:119: Escaped LaTeX specials: \&
Flavors: r-devel-linux-x86_64-debian-clang, r-devel-linux-x86_64-debian-gcc, r-devel-linux-x86_64-fedora-clang, r-devel-linux-x86_64-fedora-gcc, r-devel-windows-x86_64