CRAN Package Check Results for Package linprog

Last updated on 2024-02-25 06:08:32 CET.

Flavor Version Tinstall Tcheck Ttotal Status Flags
r-devel-linux-x86_64-debian-clang 0.9-4 2.13 28.49 30.62 NOTE
r-devel-linux-x86_64-debian-gcc 0.9-4 2.57 21.69 24.26 NOTE
r-devel-linux-x86_64-fedora-clang 0.9-4 39.15 NOTE
r-devel-linux-x86_64-fedora-gcc 0.9-4 37.35 NOTE
r-devel-windows-x86_64 0.9-4 4.00 44.00 48.00 NOTE
r-patched-linux-x86_64 0.9-4 2.27 27.86 30.13 NOTE
r-release-linux-x86_64 0.9-4 3.37 27.18 30.55 NOTE
r-release-macos-arm64 0.9-4 19.00 NOTE
r-release-macos-x86_64 0.9-4 22.00 NOTE
r-release-windows-x86_64 0.9-4 4.00 45.00 49.00 NOTE
r-oldrel-macos-arm64 0.9-4 18.00 OK
r-oldrel-windows-x86_64 0.9-4 5.00 49.00 54.00 OK

Check Details

Version: 0.9-4
Check: Rd files
Result: NOTE checkRd: (-1) solveLP.Rd:119: Escaped LaTeX specials: \& Flavors: r-devel-linux-x86_64-debian-clang, r-devel-linux-x86_64-debian-gcc, r-devel-linux-x86_64-fedora-clang, r-devel-linux-x86_64-fedora-gcc, r-devel-windows-x86_64, r-patched-linux-x86_64, r-release-linux-x86_64, r-release-macos-arm64, r-release-macos-x86_64, r-release-windows-x86_64