Last updated on 2023-12-11 05:51:57 CET.
Flavor | Version | Tinstall | Tcheck | Ttotal | Status | Flags |
---|---|---|---|---|---|---|
r-devel-linux-x86_64-debian-clang | 0.5.7 | 6.32 | 70.45 | 76.77 | NOTE | |
r-devel-linux-x86_64-debian-gcc | 0.5.7 | 4.60 | 52.56 | 57.16 | NOTE | |
r-devel-linux-x86_64-fedora-clang | 0.5.7 | 94.80 | OK | |||
r-devel-linux-x86_64-fedora-gcc | 0.5.7 | 104.53 | OK | |||
r-devel-windows-x86_64 | 0.5.7 | 7.00 | 81.00 | 88.00 | OK | |
r-patched-linux-x86_64 | 0.5.7 | 6.06 | 66.10 | 72.16 | OK | |
r-release-linux-x86_64 | 0.5.7 | 5.31 | 65.51 | 70.82 | OK | |
r-release-macos-arm64 | 0.5.7 | 40.00 | OK | |||
r-release-macos-x86_64 | 0.5.7 | 56.00 | OK | |||
r-release-windows-x86_64 | 0.5.7 | 9.00 | 86.00 | 95.00 | OK | |
r-oldrel-macos-arm64 | 0.5.7 | 39.00 | OK | |||
r-oldrel-macos-x86_64 | 0.5.7 | 48.00 | OK | |||
r-oldrel-windows-x86_64 | 0.5.7 | 9.00 | 86.00 | 95.00 | OK |
Version: 0.5.7
Check: Rd files
Result: NOTE
checkRd: (-1) ld_build_html_site.Rd:41: Lost braces
41 | directory specified by `rmd_dir`. Note that this is an {{rmarkdown}}
| ^
checkRd: (-1) ld_create_doc.Rd:29: Lost braces
29 | directory specified by `rmd_dir`. Note that this is an {{rmarkdown}}
| ^
Flavors: r-devel-linux-x86_64-debian-clang, r-devel-linux-x86_64-debian-gcc