CRAN Package Check Results for Package lm.beta

Last updated on 2021-12-03 05:52:03 CET.

Flavor Version Tinstall Tcheck Ttotal Status Flags
r-devel-linux-x86_64-debian-clang 1.5-1 1.76 19.50 21.26 NOTE
r-devel-linux-x86_64-debian-gcc 1.5-1 1.32 15.77 17.09 NOTE
r-devel-linux-x86_64-fedora-clang 1.5-1 37.07 NOTE
r-devel-linux-x86_64-fedora-gcc 1.5-1 26.82 NOTE
r-devel-windows-x86_64-new-UL 1.5-1 6.00 48.00 54.00 NOTE
r-devel-windows-x86_64-new-TK 1.5-1 NOTE
r-devel-windows-x86_64-old 1.5-1 3.00 28.00 31.00 NOTE
r-patched-linux-x86_64 1.5-1 1.88 18.80 20.68 NOTE
r-patched-solaris-x86 1.5-1 42.00 NOTE
r-release-linux-x86_64 1.5-1 1.72 18.83 20.55 NOTE
r-release-macos-arm64 1.5-1 NOTE
r-release-macos-x86_64 1.5-1 NOTE
r-release-windows-ix86+x86_64 1.5-1 4.00 26.00 30.00 NOTE
r-oldrel-macos-x86_64 1.5-1 NOTE
r-oldrel-windows-ix86+x86_64 1.5-1 4.00 25.00 29.00 NOTE

Check Details

Version: 1.5-1
Check: R code for possible problems
Result: NOTE
    lm.beta: no visible global function definition for 'coef'
    lm.beta: no visible global function definition for 'model.matrix'
    lm.beta: no visible global function definition for 'model.frame'
    Undefined global functions or variables:
     coef model.frame model.matrix
    Consider adding
     importFrom("stats", "coef", "model.frame", "model.matrix")
    to your NAMESPACE file.
Flavors: r-devel-linux-x86_64-debian-clang, r-devel-linux-x86_64-debian-gcc, r-devel-linux-x86_64-fedora-clang, r-devel-linux-x86_64-fedora-gcc, r-devel-windows-x86_64-new-UL, r-devel-windows-x86_64-new-TK, r-devel-windows-x86_64-old, r-patched-linux-x86_64, r-patched-solaris-x86, r-release-linux-x86_64, r-release-macos-arm64, r-release-macos-x86_64, r-release-windows-ix86+x86_64, r-oldrel-macos-x86_64, r-oldrel-windows-ix86+x86_64