CRAN Package Check Results for Package lmDiallel

Last updated on 2024-06-13 06:58:07 CEST.

Flavor Version Tinstall Tcheck Ttotal Status Flags
r-devel-linux-x86_64-debian-clang 1.0.1 12.60 112.50 125.10 OK
r-devel-linux-x86_64-debian-gcc 1.0.1 0.37 1.62 1.99 ERROR
r-devel-linux-x86_64-fedora-clang 1.0.1 162.05 OK
r-devel-linux-x86_64-fedora-gcc 1.0.1 150.13 OK
r-devel-windows-x86_64 1.0.1 12.00 97.00 109.00 OK
r-patched-linux-x86_64 1.0.1 12.59 111.20 123.79 OK
r-release-linux-x86_64 1.0.1 9.31 106.58 115.89 OK
r-release-macos-arm64 1.0.1 46.00 OK
r-release-macos-x86_64 1.0.1 84.00 OK
r-release-windows-x86_64 1.0.1 14.00 99.00 113.00 OK
r-oldrel-macos-arm64 1.0.1 46.00 OK
r-oldrel-macos-x86_64 1.0.1 91.00 OK
r-oldrel-windows-x86_64 1.0.1 18.00 119.00 137.00 OK

Check Details

Version: 1.0.1
Check: package dependencies
Result: ERROR Package required but not available: ‘tidyr’ See section ‘The DESCRIPTION file’ in the ‘Writing R Extensions’ manual. Flavor: r-devel-linux-x86_64-debian-gcc