CRAN Package Check Results for Package lmtest

Last updated on 2024-07-12 06:53:09 CEST.

Flavor Version Tinstall Tcheck Ttotal Status Flags
r-devel-linux-x86_64-debian-clang 0.9-40 5.15 57.18 62.33 OK
r-devel-linux-x86_64-debian-gcc 0.9-40 4.90 42.33 47.23 OK
r-devel-linux-x86_64-fedora-clang 0.9-40 78.67 OK
r-devel-linux-x86_64-fedora-gcc 0.9-40 86.30 OK
r-devel-windows-x86_64 0.9-40 8.00 91.00 99.00 OK
r-patched-linux-x86_64 0.9-40 6.64 54.50 61.14 OK
r-release-linux-x86_64 0.9-40 4.88 54.25 59.13 OK
r-release-macos-arm64 0.9-40 32.00 OK
r-release-macos-x86_64 0.9-40 66.00 OK
r-release-windows-x86_64 0.9-40 9.00 91.00 100.00 OK
r-oldrel-macos-arm64 0.9-40 40.00 OK
r-oldrel-macos-x86_64 0.9-40 50.00 NOTE
r-oldrel-windows-x86_64 0.9-40 11.00 93.00 104.00 OK

Check Details

Version: 0.9-40
Check: package dependencies
Result: NOTE Packages suggested but not available for checking: 'car', 'dynlm', 'AER' Flavor: r-oldrel-macos-x86_64

Version: 0.9-40
Check: Rd cross-references
Result: NOTE Package unavailable to check Rd xrefs: ‘car’ Flavor: r-oldrel-macos-x86_64