CRAN Package Check Results for Package lnmCluster

Last updated on 2024-06-13 06:58:07 CEST.

Flavor Version Tinstall Tcheck Ttotal Status Flags
r-devel-linux-x86_64-debian-clang 0.3.1 28.79 224.31 253.10 OK
r-devel-linux-x86_64-debian-gcc 0.3.1 0.36 1.79 2.15 ERROR
r-devel-linux-x86_64-fedora-clang 0.3.1 312.58 OK
r-devel-linux-x86_64-fedora-gcc 0.3.1 297.47 OK
r-devel-windows-x86_64 0.3.1 21.00 175.00 196.00 OK
r-patched-linux-x86_64 0.3.1 23.83 205.18 229.01 OK
r-release-linux-x86_64 0.3.1 20.16 206.16 226.32 OK
r-release-macos-arm64 0.3.1 68.00 OK
r-release-macos-x86_64 0.3.1 124.00 OK
r-release-windows-x86_64 0.3.1 21.00 179.00 200.00 OK
r-oldrel-macos-arm64 0.3.1 78.00 OK
r-oldrel-macos-x86_64 0.3.1 139.00 OK
r-oldrel-windows-x86_64 0.3.1 25.00 228.00 253.00 OK

Check Details

Version: 0.3.1
Check: package dependencies
Result: ERROR Package required but not available: ‘stringr’ Package suggested but not available for checking: ‘testthat’ See section ‘The DESCRIPTION file’ in the ‘Writing R Extensions’ manual. Flavor: r-devel-linux-x86_64-debian-gcc