CRAN Package Check Results for Package lobstr

Last updated on 2024-07-16 05:55:55 CEST.

Flavor Version Tinstall Tcheck Ttotal Status Flags
r-devel-linux-x86_64-debian-clang 1.1.2 12.41 39.18 51.59 NOTE
r-devel-linux-x86_64-debian-gcc 1.1.2 7.86 29.03 36.89 NOTE
r-devel-linux-x86_64-fedora-clang 1.1.2 74.91 NOTE
r-devel-linux-x86_64-fedora-gcc 1.1.2 63.71 NOTE
r-devel-windows-x86_64 1.1.2 13.00 66.00 79.00 NOTE
r-patched-linux-x86_64 1.1.2 11.05 36.81 47.86 NOTE
r-release-linux-x86_64 1.1.2 12.04 36.80 48.84 NOTE
r-release-macos-arm64 1.1.2 22.00 NOTE
r-release-macos-x86_64 1.1.2 34.00 NOTE
r-release-windows-x86_64 1.1.2 14.00 65.00 79.00 NOTE
r-oldrel-macos-arm64 1.1.2 23.00 NOTE
r-oldrel-macos-x86_64 1.1.2 35.00 NOTE
r-oldrel-windows-x86_64 1.1.2 16.00 74.00 90.00 NOTE

Check Details

Version: 1.1.2
Check: C++ specification
Result: NOTE Specified C++11: please drop specification unless essential Flavors: r-devel-linux-x86_64-debian-clang, r-devel-linux-x86_64-debian-gcc, r-devel-linux-x86_64-fedora-clang, r-devel-linux-x86_64-fedora-gcc, r-devel-windows-x86_64, r-patched-linux-x86_64, r-release-linux-x86_64, r-release-macos-arm64, r-release-macos-x86_64, r-release-windows-x86_64, r-oldrel-macos-arm64, r-oldrel-macos-x86_64, r-oldrel-windows-x86_64

Version: 1.1.2
Check: compiled code
Result: NOTE File ‘lobstr/libs/lobstr.so’: Found non-API calls to R: ‘FRAME’, ‘HASHTAB’, ‘NAMED’, ‘PRCODE’, ‘PRENV’, ‘PRVALUE’, ‘Rf_findVarInFrame3’, ‘SETLENGTH’, ‘SET_GROWABLE_BIT’, ‘SET_TRUELENGTH’, ‘TRUELENGTH’ Compiled code should not call non-API entry points in R. See ‘Writing portable packages’ in the ‘Writing R Extensions’ manual, and section ‘Moving into C API compliance’ for issues with the use of non-API entry points. Flavors: r-devel-linux-x86_64-debian-clang, r-devel-linux-x86_64-debian-gcc, r-devel-linux-x86_64-fedora-clang, r-devel-linux-x86_64-fedora-gcc

Version: 1.1.2
Check: compiled code
Result: NOTE File 'lobstr/libs/x64/lobstr.dll': Found non-API calls to R: 'FRAME', 'HASHTAB', 'NAMED', 'PRCODE', 'PRENV', 'PRVALUE', 'Rf_findVarInFrame3', 'SETLENGTH', 'SET_GROWABLE_BIT', 'SET_TRUELENGTH', 'TRUELENGTH' Compiled code should not call non-API entry points in R. See 'Writing portable packages' in the 'Writing R Extensions' manual, and section 'Moving into C API compliance' for issues with the use of non-API entry points. Flavor: r-devel-windows-x86_64