CRAN Package Check Results for Package localICE

Last updated on 2019-08-18 05:46:18 CEST.

Flavor Version Tinstall Tcheck Ttotal Status Flags
r-devel-linux-x86_64-debian-clang 0.1.0 3.71 37.99 41.70 OK
r-devel-linux-x86_64-debian-gcc 0.1.0 2.79 29.58 32.37 OK
r-devel-linux-x86_64-fedora-clang 0.1.0 50.57 NOTE
r-devel-linux-x86_64-fedora-gcc 0.1.0 46.14 NOTE
r-devel-windows-ix86+x86_64 0.1.0 12.00 83.00 95.00 OK
r-patched-linux-x86_64 0.1.0 2.84 37.02 39.86 OK
r-patched-solaris-x86 0.1.0 74.30 NOTE
r-release-linux-x86_64 0.1.0 2.89 36.12 39.01 OK
r-release-windows-ix86+x86_64 0.1.0 16.00 74.00 90.00 OK
r-release-osx-x86_64 0.1.0 NOTE
r-oldrel-windows-ix86+x86_64 0.1.0 11.00 80.00 91.00 OK
r-oldrel-osx-x86_64 0.1.0 NOTE

Check Details

Version: 0.1.0
Check: dependencies in R code
Result: NOTE
    Namespace in Imports field not imported from: ‘checkmate’
     All declared Imports should be used.
Flavors: r-devel-linux-x86_64-fedora-clang, r-devel-linux-x86_64-fedora-gcc, r-patched-solaris-x86, r-release-osx-x86_64, r-oldrel-osx-x86_64