CRAN Package Check Results for Package localICE

Last updated on 2019-12-09 05:47:17 CET.

Flavor Version Tinstall Tcheck Ttotal Status Flags
r-devel-linux-x86_64-debian-clang 0.1.0 3.50 42.10 45.60 OK
r-devel-linux-x86_64-debian-gcc 0.1.0 2.57 33.14 35.71 OK
r-devel-linux-x86_64-fedora-clang 0.1.0 53.71 NOTE
r-devel-linux-x86_64-fedora-gcc 0.1.0 50.19 NOTE
r-devel-windows-ix86+x86_64 0.1.0 9.00 78.00 87.00 OK
r-devel-windows-ix86+x86_64-gcc8 0.1.0 10.00 54.00 64.00 OK
r-patched-linux-x86_64 0.1.0 2.63 36.78 39.41 OK
r-patched-solaris-x86 0.1.0 72.80 NOTE
r-release-linux-x86_64 0.1.0 2.59 37.22 39.81 OK
r-release-windows-ix86+x86_64 0.1.0 9.00 54.00 63.00 OK
r-release-osx-x86_64 0.1.0 NOTE
r-oldrel-windows-ix86+x86_64 0.1.0 5.00 50.00 55.00 OK
r-oldrel-osx-x86_64 0.1.0 NOTE

Check Details

Version: 0.1.0
Check: dependencies in R code
Result: NOTE
    Namespace in Imports field not imported from: ‘checkmate’
     All declared Imports should be used.
Flavors: r-devel-linux-x86_64-fedora-clang, r-devel-linux-x86_64-fedora-gcc, r-patched-solaris-x86, r-release-osx-x86_64, r-oldrel-osx-x86_64