CRAN Package Check Results for Package localIV

Last updated on 2024-06-25 07:06:24 CEST.

Flavor Version Tinstall Tcheck Ttotal Status Flags
r-devel-linux-x86_64-debian-clang 0.3.1 3.06 52.77 55.83 NOTE
r-devel-linux-x86_64-debian-gcc 0.3.1 2.81 37.86 40.67 NOTE
r-devel-linux-x86_64-fedora-clang 0.3.1 69.18 NOTE
r-devel-linux-x86_64-fedora-gcc 0.3.1 63.37 NOTE
r-devel-windows-x86_64 0.3.1 5.00 58.00 63.00 NOTE
r-patched-linux-x86_64 0.3.1 3.15 48.41 51.56 NOTE
r-release-linux-x86_64 0.3.1 2.16 46.82 48.98 NOTE
r-release-macos-arm64 0.3.1 29.00 NOTE
r-release-macos-x86_64 0.3.1 38.00 NOTE
r-release-windows-x86_64 0.3.1 5.00 60.00 65.00 NOTE
r-oldrel-macos-arm64 0.3.1 31.00 OK
r-oldrel-macos-x86_64 0.3.1 45.00 OK
r-oldrel-windows-x86_64 0.3.1 6.00 66.00 72.00 OK

Check Details

Version: 0.3.1
Check: Rd files
Result: NOTE checkRd: (-1) mte_tilde_at.Rd:23: Lost braces in \itemize; \value handles \item{}{} directly checkRd: (-1) mte_tilde_at.Rd:24: Lost braces in \itemize; \value handles \item{}{} directly checkRd: (-1) mte_tilde_at.Rd:25: Lost braces in \itemize; \value handles \item{}{} directly checkRd: (-1) mte_tilde_at.Rd:26: Lost braces in \itemize; \value handles \item{}{} directly checkRd: (-1) mte_tilde_at.Rd:27: Lost braces in \itemize; \value handles \item{}{} directly Flavors: r-devel-linux-x86_64-debian-clang, r-devel-linux-x86_64-debian-gcc, r-devel-linux-x86_64-fedora-clang, r-devel-linux-x86_64-fedora-gcc, r-devel-windows-x86_64, r-patched-linux-x86_64, r-release-linux-x86_64, r-release-macos-arm64, r-release-macos-x86_64, r-release-windows-x86_64