CRAN Package Check Results for Package loon

Last updated on 2019-10-23 05:46:31 CEST.

Flavor Version Tinstall Tcheck Ttotal Status Flags
r-devel-linux-x86_64-debian-clang 1.2.3 16.07 467.42 483.49 OK
r-devel-linux-x86_64-debian-gcc 1.2.3 12.64 342.69 355.33 OK
r-devel-linux-x86_64-fedora-clang 1.2.3 597.75 OK
r-devel-linux-x86_64-fedora-gcc 1.2.3 594.39 OK
r-devel-windows-ix86+x86_64 1.2.3 25.00 303.00 328.00 OK
r-patched-linux-x86_64 1.2.3 16.29 470.46 486.75 OK
r-patched-solaris-x86 1.2.3 930.10 OK
r-release-linux-x86_64 1.2.3 14.96 464.82 479.78 OK
r-release-windows-ix86+x86_64 1.2.3 39.00 220.00 259.00 OK
r-release-osx-x86_64 1.2.3 ERROR
r-oldrel-windows-ix86+x86_64 1.2.3 31.00 267.00 298.00 OK
r-oldrel-osx-x86_64 1.2.3 ERROR

Check Details

Version: 1.2.3
Check: package dependencies
Result: NOTE
    Package suggested but not available for checking: ‘RDRToolbox’
Flavors: r-release-osx-x86_64, r-oldrel-osx-x86_64

Version: 1.2.3
Check: whether package can be installed
Result: ERROR
    Installation failed.
Flavors: r-release-osx-x86_64, r-oldrel-osx-x86_64