CRAN Package Check Results for Package loon

Last updated on 2020-05-30 05:48:08 CEST.

Flavor Version Tinstall Tcheck Ttotal Status Flags
r-devel-linux-x86_64-debian-clang 1.3.0 22.53 113.39 135.92 OK
r-devel-linux-x86_64-debian-gcc 1.3.0 16.29 87.20 103.49 OK
r-devel-linux-x86_64-fedora-clang 1.3.0 182.06 OK
r-devel-linux-x86_64-fedora-gcc 1.3.0 165.91 OK
r-devel-windows-ix86+x86_64 1.3.0 41.00 169.00 210.00 OK
r-patched-linux-x86_64 1.3.0 22.34 113.24 135.58 OK
r-patched-solaris-x86 1.3.0 205.40 OK
r-release-linux-x86_64 1.3.0 22.82 114.59 137.41 OK
r-release-osx-x86_64 1.3.0 NOTE
r-release-windows-ix86+x86_64 1.3.0 29.00 145.00 174.00 OK
r-oldrel-osx-x86_64 1.3.0 ERROR
r-oldrel-windows-ix86+x86_64 1.3.0 37.00 169.00 206.00 OK

Check Details

Version: 1.3.0
Check: package dependencies
Result: NOTE
    Package suggested but not available for checking: ‘RDRToolbox’
Flavors: r-release-osx-x86_64, r-oldrel-osx-x86_64

Version: 1.3.0
Check: whether package can be installed
Result: ERROR
    Installation failed.
Flavor: r-oldrel-osx-x86_64