Last updated on 2021-01-19 05:48:06 CET.
Flavor | Version | Tinstall | Tcheck | Ttotal | Status | Flags |
---|---|---|---|---|---|---|
r-devel-linux-x86_64-debian-clang | 0.1.0 | 98.09 | 153.56 | 251.65 | OK | |
r-devel-linux-x86_64-debian-gcc | 0.1.0 | 63.72 | 116.80 | 180.52 | OK | |
r-devel-linux-x86_64-fedora-clang | 0.1.0 | 323.95 | NOTE | |||
r-devel-linux-x86_64-fedora-gcc | 0.1.0 | 305.28 | OK | |||
r-devel-windows-ix86+x86_64 | 0.1.0 | 153.00 | 197.00 | 350.00 | OK | |
r-patched-linux-x86_64 | 0.1.0 | 75.30 | 146.78 | 222.08 | OK | |
r-patched-solaris-x86 | 0.1.0 | 388.30 | OK | |||
r-release-linux-x86_64 | 0.1.0 | 72.93 | 147.26 | 220.19 | OK | |
r-release-macos-x86_64 | 0.1.0 | OK | ||||
r-release-windows-ix86+x86_64 | 0.1.0 | 216.00 | 199.00 | 415.00 | OK | |
r-oldrel-macos-x86_64 | 0.1.0 | OK | ||||
r-oldrel-windows-ix86+x86_64 | 0.1.0 | 153.00 | 168.00 | 321.00 | OK |
Version: 0.1.0
Check: installed package size
Result: NOTE
installed size is 6.2Mb
sub-directories of 1Mb or more:
libs 5.8Mb
Flavor: r-devel-linux-x86_64-fedora-clang