CRAN Package Check Results for Package lucas

Last updated on 2024-07-21 06:52:13 CEST.

Flavor Version Tinstall Tcheck Ttotal Status Flags
r-devel-linux-x86_64-debian-clang 1.0 4.33 43.08 47.41 NOTE
r-devel-linux-x86_64-debian-gcc 1.0 3.63 31.90 35.53 NOTE
r-devel-linux-x86_64-fedora-clang 1.0 60.41 NOTE
r-devel-linux-x86_64-fedora-gcc 1.0 55.27 NOTE
r-devel-windows-x86_64 1.0 7.00 55.00 62.00 NOTE
r-patched-linux-x86_64 1.0 5.78 39.93 45.71 NOTE
r-release-linux-x86_64 1.0 4.49 39.87 44.36 NOTE
r-release-macos-arm64 1.0 20.00 NOTE
r-release-macos-x86_64 1.0 45.00 NOTE
r-release-windows-x86_64 1.0 5.00 54.00 59.00 NOTE
r-oldrel-macos-arm64 1.0 21.00 NOTE
r-oldrel-macos-x86_64 1.0 30.00 NOTE
r-oldrel-windows-x86_64 1.0 7.00 60.00 67.00 NOTE

Check Details

Version: 1.0
Check: Rd files
Result: NOTE checkRd: (-1) Upload_to_db.Rd:43: Lost braces 43 | lucas]{Connect_to_db} | ^ Flavors: r-devel-linux-x86_64-debian-clang, r-devel-linux-x86_64-debian-gcc, r-devel-linux-x86_64-fedora-clang, r-devel-linux-x86_64-fedora-gcc, r-devel-windows-x86_64, r-patched-linux-x86_64, r-release-linux-x86_64, r-release-macos-arm64, r-release-macos-x86_64, r-release-windows-x86_64

Version: 1.0
Check: LazyData
Result: NOTE 'LazyData' is specified without a 'data' directory Flavors: r-devel-linux-x86_64-debian-clang, r-devel-linux-x86_64-debian-gcc, r-devel-linux-x86_64-fedora-clang, r-devel-linux-x86_64-fedora-gcc, r-devel-windows-x86_64, r-patched-linux-x86_64, r-release-linux-x86_64, r-release-macos-arm64, r-release-macos-x86_64, r-release-windows-x86_64, r-oldrel-macos-arm64, r-oldrel-macos-x86_64, r-oldrel-windows-x86_64

Version: 1.0
Check: dependencies in R code
Result: NOTE Namespace in Imports field not imported from: ‘rpostgis’ All declared Imports should be used. Flavors: r-devel-linux-x86_64-fedora-clang, r-devel-linux-x86_64-fedora-gcc