CRAN Package Check Results for Package ludic

Last updated on 2022-01-20 05:50:26 CET.

Flavor Version Tinstall Tcheck Ttotal Status Flags
r-devel-linux-x86_64-debian-clang 0.2.0 OK
r-devel-linux-x86_64-debian-gcc 0.2.0 69.48 100.84 170.32 OK
r-devel-linux-x86_64-fedora-clang 0.2.0 308.05 NOTE
r-devel-linux-x86_64-fedora-gcc 0.2.0 280.82 OK
r-devel-windows-x86_64-new-UL 0.2.0 100.00 164.00 264.00 OK
r-devel-windows-x86_64-new-TK 0.2.0 OK
r-patched-linux-x86_64 0.2.0 90.47 125.87 216.34 OK
r-release-linux-x86_64 0.2.0 OK
r-release-macos-arm64 0.2.0 NOTE
r-release-macos-x86_64 0.2.0 NOTE
r-release-windows-ix86+x86_64 0.2.0 229.00 197.00 426.00 OK
r-oldrel-macos-x86_64 0.2.0 NOTE
r-oldrel-windows-ix86+x86_64 0.2.0 230.00 196.00 426.00 OK

Check Details

Version: 0.2.0
Check: installed package size
Result: NOTE
     installed size is 5.6Mb
     sub-directories of 1Mb or more:
     data 2.1Mb
     libs 3.2Mb
Flavors: r-devel-linux-x86_64-fedora-clang, r-release-macos-arm64, r-release-macos-x86_64, r-oldrel-macos-x86_64