CRAN Package Check Results for Package magclass

Last updated on 2021-06-23 05:49:32 CEST.

Flavor Version Tinstall Tcheck Ttotal Status Flags
r-devel-linux-x86_64-debian-clang 5.24.7 14.09 118.24 132.33 OK
r-devel-linux-x86_64-debian-gcc 5.24.7 11.45 86.27 97.72 OK
r-devel-linux-x86_64-fedora-clang 5.24.7 166.44 OK
r-devel-linux-x86_64-fedora-gcc 5.24.7 154.93 OK
r-devel-windows-x86_64 5.24.7 22.00 115.00 137.00 OK
r-devel-windows-x86_64-gcc10-UCRT 5.24.7 NOTE
r-patched-linux-x86_64 5.24.7 15.84 111.43 127.27 OK
r-patched-solaris-x86 5.24.7 194.70 OK
r-release-linux-x86_64 5.24.7 12.80 111.03 123.83 OK
r-release-macos-arm64 5.24.7 NOTE
r-release-macos-x86_64 5.24.7 NOTE
r-release-windows-ix86+x86_64 5.24.7 19.00 118.00 137.00 OK
r-oldrel-macos-x86_64 5.24.7 OK

Check Details

Version: 5.24.7
Check: package dependencies
Result: NOTE
    Package suggested but not available for checking: 'covr'
Flavor: r-devel-windows-x86_64-gcc10-UCRT

Version: 5.24.7
Check: package dependencies
Result: NOTE
    Package suggested but not available for checking: ‘udunits2’
Flavors: r-release-macos-arm64, r-release-macos-x86_64

Version: 5.24.7
Check: Rd cross-references
Result: NOTE
    Package unavailable to check Rd xrefs: ‘udunits2’
Flavors: r-release-macos-arm64, r-release-macos-x86_64