CRAN Package Check Results for Package magmaR

Last updated on 2022-01-18 05:50:18 CET.

Flavor Version Tinstall Tcheck Ttotal Status Flags
r-devel-linux-x86_64-debian-clang 1.0.2 3.14 85.02 88.16 OK
r-devel-linux-x86_64-debian-gcc 1.0.2 2.19 63.80 65.99 OK
r-devel-linux-x86_64-fedora-clang 1.0.2 105.14 OK
r-devel-linux-x86_64-fedora-gcc 1.0.2 92.73 OK
r-devel-windows-x86_64-new-UL 1.0.2 42.00 115.00 157.00 OK
r-devel-windows-x86_64-new-TK 1.0.2 OK
r-patched-linux-x86_64 1.0.2 3.11 81.34 84.45 OK
r-release-linux-x86_64 1.0.2 OK
r-release-macos-arm64 1.0.2 OK
r-release-macos-x86_64 1.0.2 NOTE
r-release-windows-ix86+x86_64 1.0.2 5.00 105.00 110.00 OK
r-oldrel-macos-x86_64 1.0.2 NOTE
r-oldrel-windows-ix86+x86_64 1.0.2 6.00 107.00 113.00 OK

Check Details

Version: 1.0.2
Check: package dependencies
Result: NOTE
    Package suggested but not available for checking: ‘dittoSeq’
Flavors: r-release-macos-x86_64, r-oldrel-macos-x86_64