CRAN Package Check Results for Package mallet

Last updated on 2022-12-02 05:55:21 CET.

Flavor Version Tinstall Tcheck Ttotal Status Flags
r-devel-linux-x86_64-debian-clang 1.3.0 4.87 71.01 75.88 OK
r-devel-linux-x86_64-debian-gcc 1.3.0 4.09 56.30 60.39 OK
r-devel-linux-x86_64-fedora-clang 1.3.0 109.00 NOTE
r-devel-linux-x86_64-fedora-gcc 1.3.0 109.77 OK
r-devel-windows-x86_64 1.3.0 26.00 96.00 122.00 OK
r-patched-linux-x86_64 1.3.0 5.14 71.42 76.56 OK
r-release-linux-x86_64 1.3.0 3.83 70.13 73.96 OK
r-release-macos-arm64 1.3.0 29.00 OK
r-release-macos-x86_64 1.3.0 47.00 OK
r-release-windows-x86_64 1.3.0 28.00 105.00 133.00 OK
r-oldrel-macos-arm64 1.3.0 29.00 OK
r-oldrel-macos-x86_64 1.3.0 45.00 OK
r-oldrel-windows-ix86+x86_64 1.3.0 12.00 92.00 104.00 OK

Check Details

Version: 1.3.0
Check: Rd cross-references
Result: NOTE
    Undeclared package ‘tibble’ in Rd xrefs
Flavor: r-devel-linux-x86_64-fedora-clang