Last updated on 2021-01-18 05:47:29 CET.
Flavor | Version | Tinstall | Tcheck | Ttotal | Status | Flags |
---|---|---|---|---|---|---|
r-devel-linux-x86_64-debian-clang | 0.1.8 | 96.43 | 100.54 | 196.97 | OK | |
r-devel-linux-x86_64-debian-gcc | 0.1.8 | 55.95 | 75.37 | 131.32 | OK | |
r-devel-linux-x86_64-fedora-clang | 0.1.8 | 257.42 | NOTE | |||
r-devel-linux-x86_64-fedora-gcc | 0.1.8 | 243.81 | OK | |||
r-devel-windows-ix86+x86_64 | 0.1.8 | 167.00 | 146.00 | 313.00 | OK | |
r-patched-linux-x86_64 | 0.1.8 | 81.52 | 88.84 | 170.36 | OK | |
r-patched-solaris-x86 | 0.1.8 | 274.90 | OK | |||
r-release-linux-x86_64 | 0.1.8 | 80.14 | 90.82 | 170.96 | OK | |
r-release-macos-x86_64 | 0.1.8 | OK | ||||
r-release-windows-ix86+x86_64 | 0.1.8 | 166.00 | 5.00 | 171.00 | ERROR | |
r-oldrel-macos-x86_64 | 0.1.8 | WARN | ||||
r-oldrel-windows-ix86+x86_64 | 0.1.8 | 197.00 | 154.00 | 351.00 | OK |
Version: 0.1.8
Check: installed package size
Result: NOTE
installed size is 5.0Mb
sub-directories of 1Mb or more:
libs 4.7Mb
Flavor: r-devel-linux-x86_64-fedora-clang
Version: 0.1.8
Check: whether package can be installed
Result: ERROR
Installation failed.
Flavor: r-release-windows-ix86+x86_64
Version: 0.1.8
Check: whether package can be installed
Result: WARN
Found the following significant warnings:
Warning: 'rgl.init' failed, running with 'rgl.useNULL = TRUE'.
Flavor: r-oldrel-macos-x86_64
Version: 0.1.8
Check: Rd files
Result: WARN
prepare_Rd: RGL: unable to open X11 display
prepare_Rd: 'rgl.init' failed, running with 'rgl.useNULL = TRUE'.
Flavor: r-oldrel-macos-x86_64