CRAN Package Check Results for Package mapStats

Last updated on 2020-01-17 05:47:16 CET.

Flavor Version Tinstall Tcheck Ttotal Status Flags
r-devel-linux-x86_64-debian-clang 2.4 12.03 104.05 116.08 NOTE
r-devel-linux-x86_64-debian-gcc 2.4 9.99 79.98 89.97 NOTE
r-devel-linux-x86_64-fedora-clang 2.4 139.06 NOTE
r-devel-linux-x86_64-fedora-gcc 2.4 136.89 NOTE
r-devel-windows-ix86+x86_64 2.4 52.00 210.00 262.00 NOTE
r-devel-windows-ix86+x86_64-gcc8 2.4 37.00 208.00 245.00 NOTE
r-patched-linux-x86_64 2.4 9.12 91.39 100.51 NOTE
r-patched-solaris-x86 2.4 192.90 NOTE
r-release-linux-x86_64 2.4 11.04 91.02 102.06 NOTE
r-release-windows-ix86+x86_64 2.4 48.00 185.00 233.00 NOTE
r-release-osx-x86_64 2.4 NOTE
r-oldrel-windows-ix86+x86_64 2.4 24.00 126.00 150.00 NOTE
r-oldrel-osx-x86_64 2.4 NOTE

Check Details

Version: 2.4
Check: R code for possible problems
Result: NOTE
    calcStats: no visible global function definition for 'as.formula'
    calcStats: no visible global function definition for 'na.omit'
    Undefined global functions or variables:
     as.formula na.omit
    Consider adding
     importFrom("stats", "as.formula", "na.omit")
    to your NAMESPACE file.
Flavors: r-devel-linux-x86_64-debian-clang, r-devel-linux-x86_64-debian-gcc, r-devel-linux-x86_64-fedora-clang, r-devel-linux-x86_64-fedora-gcc, r-devel-windows-ix86+x86_64, r-devel-windows-ix86+x86_64-gcc8, r-patched-linux-x86_64, r-patched-solaris-x86, r-release-linux-x86_64, r-release-windows-ix86+x86_64, r-release-osx-x86_64, r-oldrel-windows-ix86+x86_64, r-oldrel-osx-x86_64