CRAN Package Check Results for Package mapchina

Last updated on 2021-11-29 05:49:49 CET.

Flavor Version Tinstall Tcheck Ttotal Status Flags
r-devel-linux-x86_64-debian-clang 0.1.0 OK
r-devel-linux-x86_64-debian-gcc 0.1.0 4.11 39.57 43.68 OK
r-devel-linux-x86_64-fedora-clang 0.1.0 80.97 NOTE
r-devel-linux-x86_64-fedora-gcc 0.1.0 67.96 NOTE
r-devel-windows-x86_64-new-UL 0.1.0 11.00 89.00 100.00 OK
r-devel-windows-x86_64-new-TK 0.1.0 NOTE
r-devel-windows-x86_64-old 0.1.0 8.00 81.00 89.00 OK
r-patched-linux-x86_64 0.1.0 5.15 48.40 53.55 OK
r-patched-solaris-x86 0.1.0 103.90 NOTE
r-release-linux-x86_64 0.1.0 5.08 48.91 53.99 OK
r-release-macos-arm64 0.1.0 NOTE
r-release-macos-x86_64 0.1.0 NOTE
r-release-windows-ix86+x86_64 0.1.0 14.00 52.00 66.00 OK
r-oldrel-macos-x86_64 0.1.0 NOTE
r-oldrel-windows-ix86+x86_64 0.1.0 10.00 70.00 80.00 OK

Check Details

Version: 0.1.0
Check: data for non-ASCII characters
Result: NOTE
     Note: found 11396 marked UTF-8 strings
Flavors: r-devel-linux-x86_64-fedora-clang, r-devel-linux-x86_64-fedora-gcc, r-devel-windows-x86_64-new-TK, r-patched-solaris-x86, r-release-macos-arm64, r-release-macos-x86_64, r-oldrel-macos-x86_64

Version: 0.1.0
Check: package dependencies
Result: NOTE
    Package suggested but not available for checking: ‘showtext’
Flavor: r-release-macos-arm64