CRAN Package Check Results for Package mapmisc

Last updated on 2019-12-09 05:47:17 CET.

Flavor Version Tinstall Tcheck Ttotal Status Flags
r-devel-linux-x86_64-debian-clang 1.7.7 12.73 283.83 296.56 OK
r-devel-linux-x86_64-debian-gcc 1.7.7 9.68 232.65 242.33 OK
r-devel-linux-x86_64-fedora-clang 1.7.7 362.79 NOTE
r-devel-linux-x86_64-fedora-gcc 1.7.7 369.66 NOTE
r-devel-windows-ix86+x86_64 1.7.7 32.00 288.00 320.00 OK
r-devel-windows-ix86+x86_64-gcc8 1.7.5 25.00 399.00 424.00 OK
r-patched-linux-x86_64 1.7.7 10.64 257.30 267.94 OK
r-patched-solaris-x86 1.7.7 548.40 NOTE
r-release-linux-x86_64 1.7.7 10.64 260.46 271.10 OK
r-release-windows-ix86+x86_64 1.7.7 27.00 361.00 388.00 OK
r-release-osx-x86_64 1.7.7 WARN
r-oldrel-windows-ix86+x86_64 1.7.7 10.00 263.00 273.00 OK
r-oldrel-osx-x86_64 1.7.7 WARN

Check Details

Version: 1.7.7
Check: data for non-ASCII characters
Result: NOTE
     Note: found 1 marked UTF-8 string
Flavors: r-devel-linux-x86_64-fedora-clang, r-devel-linux-x86_64-fedora-gcc, r-patched-solaris-x86, r-release-osx-x86_64, r-oldrel-osx-x86_64

Version: 1.7.7
Check: re-building of vignette outputs
Result: WARN
    Error(s) in re-building vignettes:
     ...
    --- re-building ‘mapmisc.Rnw’ using knitr
    Loading required package: sp
    Loading required package: raster
    map images will be cached in /tmp/Rtmpvjscv5/mapmiscCache
    --- finished re-building ‘mapmisc.Rnw’
    
    --- re-building ‘north.Rmd’ using docco_linear
    Quitting from lines 221-238 (north.Rmd)
    Error: processing vignette 'north.Rmd' failed with diagnostics:
    unable to find an inherited method for function 'coordinates' for signature '"numeric"'
    --- failed re-building ‘north.Rmd’
    
    pandoc --self-contained --to=html5 --css=http://diseasemapping.r-forge.r-project.org/webpage.css --output=north.html north.md
    make: pandoc: No such file or directory
    make: *** [north.html] Error 1
    Error in tools:::buildVignettes(dir = "/Volumes/SSD-Data/Builds/R-dev-web/QA/Simon/packages/el-capitan-x86_64/results/3.6/mapmisc.Rcheck/vign_test/mapmisc", :
     running 'make' failed
    Execution halted
Flavor: r-release-osx-x86_64

Version: 1.7.7
Check: re-building of vignette outputs
Result: WARN
    Error in re-building vignettes:
     ...
    Loading required package: sp
    Loading required package: raster
    map images will be cached in /tmp/RtmpJ9c2BX/mapmiscCache
    Quitting from lines 221-238 (north.Rmd)
    Error: processing vignette 'north.Rmd' failed with diagnostics:
    unable to find an inherited method for function 'coordinates' for signature '"numeric"'
    Execution halted
Flavor: r-oldrel-osx-x86_64