CRAN Package Check Results for Package markovMSM

Last updated on 2024-06-13 06:58:08 CEST.

Flavor Version Tinstall Tcheck Ttotal Status Flags
r-devel-linux-x86_64-debian-clang 0.1.3 11.45 133.24 144.69 OK
r-devel-linux-x86_64-debian-gcc 0.1.3 9.41 96.01 105.42 NOTE
r-devel-linux-x86_64-fedora-clang 0.1.3 187.15 OK
r-devel-linux-x86_64-fedora-gcc 0.1.3 179.12 OK
r-devel-windows-x86_64 0.1.3 10.00 107.00 117.00 OK
r-patched-linux-x86_64 0.1.3 10.13 124.41 134.54 OK
r-release-linux-x86_64 0.1.3 11.46 126.48 137.94 OK
r-release-macos-arm64 0.1.3 55.00 OK
r-release-macos-x86_64 0.1.3 124.00 OK
r-release-windows-x86_64 0.1.3 9.00 109.00 118.00 OK
r-oldrel-macos-arm64 0.1.3 57.00 OK
r-oldrel-macos-x86_64 0.1.3 104.00 OK
r-oldrel-windows-x86_64 0.1.3 13.00 129.00 142.00 OK

Check Details

Version: 0.1.3
Check: package dependencies
Result: NOTE Packages suggested but not available for checking: 'devtools', 'testthat' Flavor: r-devel-linux-x86_64-debian-gcc