CRAN Package Check Results for Package markovchain

Last updated on 2022-09-27 05:52:17 CEST.

Flavor Version Tinstall Tcheck Ttotal Status Flags
r-devel-linux-x86_64-debian-clang 0.9.0 171.96 303.40 475.36 OK
r-devel-linux-x86_64-debian-gcc 0.9.0 143.58 217.18 360.76 OK
r-devel-linux-x86_64-fedora-clang 0.9.0 637.20 OK
r-devel-linux-x86_64-fedora-gcc 0.9.0 597.88 OK
r-devel-windows-x86_64 0.9.0 264.00 412.00 676.00 OK
r-patched-linux-x86_64 0.9.0 148.44 285.61 434.05 OK
r-release-linux-x86_64 0.9.0 159.35 287.33 446.68 OK
r-release-macos-arm64 0.9.0 153.00 WARN
r-release-macos-x86_64 0.9.0 170.00 WARN
r-release-windows-x86_64 0.9.0 380.00 389.00 769.00 OK
r-oldrel-macos-arm64 0.9.0 156.00 WARN
r-oldrel-macos-x86_64 0.9.0 174.00 WARN
r-oldrel-windows-ix86+x86_64 0.9.0 404.00 438.00 842.00 OK

Check Details

Version: 0.9.0
Check: installed package size
Result: NOTE
     installed size is 10.2Mb
     sub-directories of 1Mb or more:
     libs 8.5Mb
Flavors: r-release-macos-arm64, r-release-macos-x86_64, r-oldrel-macos-arm64, r-oldrel-macos-x86_64

Version: 0.9.0
Check: re-building of vignette outputs
Result: WARN
    Error(s) in re-building vignettes:
    --- re-building ‘an_introduction_to_markovchain_package.Rmd’ using rmarkdown
    Package: markovchain
    Version: 0.9.0
    Date: 2022-07-01
    BugReport: https://github.com/spedygiorgio/markovchain/issues
    
    ! LaTeX Error: File `orcidlink.sty' not found.
    
    ! Emergency stop.
    <read *>
    
    Error: processing vignette 'an_introduction_to_markovchain_package.Rmd' failed with diagnostics:
    LaTeX failed to compile /Volumes/Builds/packages/big-sur-arm64/results/4.2/markovchain.Rcheck/vign_test/markovchain/vignettes/an_introduction_to_markovchain_package.tex. See https://yihui.org/tinytex/r/#debugging for debugging tips. See an_introduction_to_markovchain_package.log for more info.
    --- failed re-building ‘an_introduction_to_markovchain_package.Rmd’
    
    --- re-building ‘gsoc_2017_additions.Rmd’ using rmarkdown
    --- finished re-building ‘gsoc_2017_additions.Rmd’
    
    --- re-building ‘higher_order_markov_chains.Rmd’ using rmarkdown
    This function is experimental
    ! LaTeX Error: File `orcidlink.sty' not found.
    
    ! Emergency stop.
    <read *>
    
    Error: processing vignette 'higher_order_markov_chains.Rmd' failed with diagnostics:
    LaTeX failed to compile /Volumes/Builds/packages/big-sur-arm64/results/4.2/markovchain.Rcheck/vign_test/markovchain/vignettes/higher_order_markov_chains.tex. See https://yihui.org/tinytex/r/#debugging for debugging tips. See higher_order_markov_chains.log for more info.
    --- failed re-building ‘higher_order_markov_chains.Rmd’
    
    SUMMARY: processing the following files failed:
     ‘an_introduction_to_markovchain_package.Rmd’
     ‘higher_order_markov_chains.Rmd’
    
    Error: Vignette re-building failed.
    Execution halted
Flavor: r-release-macos-arm64

Version: 0.9.0
Check: re-building of vignette outputs
Result: WARN
    Error(s) in re-building vignettes:
    --- re-building ‘an_introduction_to_markovchain_package.Rmd’ using rmarkdown
    Package: markovchain
    Version: 0.9.0
    Date: 2022-07-01
    BugReport: https://github.com/spedygiorgio/markovchain/issues
    
    ! LaTeX Error: File `orcidlink.sty' not found.
    
    ! Emergency stop.
    <read *>
    
    Error: processing vignette 'an_introduction_to_markovchain_package.Rmd' failed with diagnostics:
    LaTeX failed to compile /Volumes/Builds/packages/high-sierra-x86_64/results/4.2/markovchain.Rcheck/vign_test/markovchain/vignettes/an_introduction_to_markovchain_package.tex. See https://yihui.org/tinytex/r/#debugging for debugging tips. See an_introduction_to_markovchain_package.log for more info.
    --- failed re-building ‘an_introduction_to_markovchain_package.Rmd’
    
    --- re-building ‘gsoc_2017_additions.Rmd’ using rmarkdown
    --- finished re-building ‘gsoc_2017_additions.Rmd’
    
    --- re-building ‘higher_order_markov_chains.Rmd’ using rmarkdown
    This function is experimental
    ! LaTeX Error: File `orcidlink.sty' not found.
    
    ! Emergency stop.
    <read *>
    
    Error: processing vignette 'higher_order_markov_chains.Rmd' failed with diagnostics:
    LaTeX failed to compile /Volumes/Builds/packages/high-sierra-x86_64/results/4.2/markovchain.Rcheck/vign_test/markovchain/vignettes/higher_order_markov_chains.tex. See https://yihui.org/tinytex/r/#debugging for debugging tips. See higher_order_markov_chains.log for more info.
    --- failed re-building ‘higher_order_markov_chains.Rmd’
    
    SUMMARY: processing the following files failed:
     ‘an_introduction_to_markovchain_package.Rmd’
     ‘higher_order_markov_chains.Rmd’
    
    Error: Vignette re-building failed.
    Execution halted
Flavor: r-release-macos-x86_64

Version: 0.9.0
Check: re-building of vignette outputs
Result: WARN
    Error(s) in re-building vignettes:
    --- re-building ‘an_introduction_to_markovchain_package.Rmd’ using rmarkdown
    Package: markovchain
    Version: 0.9.0
    Date: 2022-07-01
    BugReport: https://github.com/spedygiorgio/markovchain/issues
    
    ! LaTeX Error: File `orcidlink.sty' not found.
    
    ! Emergency stop.
    <read *>
    
    Error: processing vignette 'an_introduction_to_markovchain_package.Rmd' failed with diagnostics:
    LaTeX failed to compile /Volumes/Builds/packages/big-sur-arm64/results/4.1/markovchain.Rcheck/vign_test/markovchain/vignettes/an_introduction_to_markovchain_package.tex. See https://yihui.org/tinytex/r/#debugging for debugging tips. See an_introduction_to_markovchain_package.log for more info.
    --- failed re-building ‘an_introduction_to_markovchain_package.Rmd’
    
    --- re-building ‘gsoc_2017_additions.Rmd’ using rmarkdown
    Package: markovchain
    Version: 0.9.0
    Date: 2022-07-01
    BugReport: https://github.com/spedygiorgio/markovchain/issues
    
    --- finished re-building ‘gsoc_2017_additions.Rmd’
    
    --- re-building ‘higher_order_markov_chains.Rmd’ using rmarkdown
    Loading required package: markovchain
    Package: markovchain
    Version: 0.9.0
    Date: 2022-07-01
    BugReport: https://github.com/spedygiorgio/markovchain/issues
    
    This function is experimental
    ! LaTeX Error: File `orcidlink.sty' not found.
    
    ! Emergency stop.
    <read *>
    
    Error: processing vignette 'higher_order_markov_chains.Rmd' failed with diagnostics:
    LaTeX failed to compile /Volumes/Builds/packages/big-sur-arm64/results/4.1/markovchain.Rcheck/vign_test/markovchain/vignettes/higher_order_markov_chains.tex. See https://yihui.org/tinytex/r/#debugging for debugging tips. See higher_order_markov_chains.log for more info.
    --- failed re-building ‘higher_order_markov_chains.Rmd’
    
    SUMMARY: processing the following files failed:
     ‘an_introduction_to_markovchain_package.Rmd’
     ‘higher_order_markov_chains.Rmd’
    
    Error: Vignette re-building failed.
    Execution halted
Flavor: r-oldrel-macos-arm64

Version: 0.9.0
Check: re-building of vignette outputs
Result: WARN
    Error(s) in re-building vignettes:
    --- re-building ‘an_introduction_to_markovchain_package.Rmd’ using rmarkdown
    Package: markovchain
    Version: 0.9.0
    Date: 2022-07-01
    BugReport: https://github.com/spedygiorgio/markovchain/issues
    
    ! LaTeX Error: File `orcidlink.sty' not found.
    
    ! Emergency stop.
    <read *>
    
    Error: processing vignette 'an_introduction_to_markovchain_package.Rmd' failed with diagnostics:
    LaTeX failed to compile /Volumes/Builds/packages/high-sierra-x86_64/results/4.1/markovchain.Rcheck/vign_test/markovchain/vignettes/an_introduction_to_markovchain_package.tex. See https://yihui.org/tinytex/r/#debugging for debugging tips. See an_introduction_to_markovchain_package.log for more info.
    --- failed re-building ‘an_introduction_to_markovchain_package.Rmd’
    
    --- re-building ‘gsoc_2017_additions.Rmd’ using rmarkdown
    Package: markovchain
    Version: 0.9.0
    Date: 2022-07-01
    BugReport: https://github.com/spedygiorgio/markovchain/issues
    
    --- finished re-building ‘gsoc_2017_additions.Rmd’
    
    --- re-building ‘higher_order_markov_chains.Rmd’ using rmarkdown
    Loading required package: markovchain
    Package: markovchain
    Version: 0.9.0
    Date: 2022-07-01
    BugReport: https://github.com/spedygiorgio/markovchain/issues
    
    This function is experimental
    ! LaTeX Error: File `orcidlink.sty' not found.
    
    ! Emergency stop.
    <read *>
    
    Error: processing vignette 'higher_order_markov_chains.Rmd' failed with diagnostics:
    LaTeX failed to compile /Volumes/Builds/packages/high-sierra-x86_64/results/4.1/markovchain.Rcheck/vign_test/markovchain/vignettes/higher_order_markov_chains.tex. See https://yihui.org/tinytex/r/#debugging for debugging tips. See higher_order_markov_chains.log for more info.
    --- failed re-building ‘higher_order_markov_chains.Rmd’
    
    SUMMARY: processing the following files failed:
     ‘an_introduction_to_markovchain_package.Rmd’
     ‘higher_order_markov_chains.Rmd’
    
    Error: Vignette re-building failed.
    Execution halted
Flavor: r-oldrel-macos-x86_64