CRAN Package Check Results for Package matchingMarkets

Last updated on 2021-01-18 05:47:29 CET.

Flavor Version Tinstall Tcheck Ttotal Status Flags
r-devel-linux-x86_64-debian-clang 1.0-2 213.43 154.61 368.04 OK
r-devel-linux-x86_64-debian-gcc 1.0-2 142.27 113.35 255.62 OK
r-devel-linux-x86_64-fedora-clang 1.0-2 507.63 NOTE
r-devel-linux-x86_64-fedora-gcc 1.0-2 468.08 OK
r-devel-windows-ix86+x86_64 1.0-2 365.00 194.00 559.00 NOTE
r-patched-linux-x86_64 1.0-2 168.92 144.39 313.31 OK
r-patched-solaris-x86 1.0-2 446.90 NOTE
r-release-linux-x86_64 1.0-2 177.34 140.28 317.62 WARN
r-release-macos-x86_64 1.0-2 NOTE
r-release-windows-ix86+x86_64 1.0-2 397.00 190.00 587.00 NOTE
r-oldrel-macos-x86_64 1.0-2 NOTE
r-oldrel-windows-ix86+x86_64 1.0-2 424.00 159.00 583.00 NOTE

Check Details

Version: 1.0-2
Check: installed package size
Result: NOTE
     installed size is 15.7Mb
     sub-directories of 1Mb or more:
     java 3.3Mb
     libs 11.1Mb
Flavors: r-devel-linux-x86_64-fedora-clang, r-devel-windows-ix86+x86_64, r-patched-solaris-x86, r-release-macos-x86_64, r-release-windows-ix86+x86_64, r-oldrel-macos-x86_64, r-oldrel-windows-ix86+x86_64

Version: 1.0-2
Check: re-building of vignette outputs
Result: WARN
    Error(s) in re-building vignettes:
     ...
    --- re-building ‘matching.Rnw’ using knitr_notangle
    0% 10 20 30 40 50 60 70 80 90 100%
    [----|----|----|----|----|----|----|----|----|----|
    **************************************************|
    Warning: glm.fit: fitted probabilities numerically 0 or 1 occurred
    Warning: glm.fit: fitted probabilities numerically 0 or 1 occurred
    Error: processing vignette 'matching.Rnw' failed with diagnostics:
    Running ‘texi2dvi’ on ‘matching.tex’ failed.
    LaTeX errors:
    ! Undefined control sequence.
    <recently read> \Hy@colorlink
    
    l.88 \begin{document}
    
    ! Undefined control sequence.
    \close@pdflink ->\Hy@endcolorlink
     \Hy@VerboseLinkStop \pdfendlink
    l.88 \begin{document}
    
    --- failed re-building ‘matching.Rnw’
    
    SUMMARY: processing the following file failed:
     ‘matching.Rnw’
    
    Error: Vignette re-building failed.
    Execution halted
Flavor: r-release-linux-x86_64