CRAN Package Check Results for Package matrixStats

Last updated on 2019-06-24 05:58:08 CEST.

Flavor Version Tinstall Tcheck Ttotal Status Flags
r-devel-linux-x86_64-debian-clang 0.54.0 148.30 156.72 305.02 OK
r-devel-linux-x86_64-debian-gcc 0.54.0 90.39 122.20 212.59 OK
r-devel-linux-x86_64-fedora-clang 0.54.0 408.11 NOTE
r-devel-linux-x86_64-fedora-gcc 0.54.0 366.99 OK
r-devel-windows-ix86+x86_64 0.54.0 502.00 307.00 809.00 NOTE
r-patched-linux-x86_64 0.54.0 112.43 154.21 266.64 OK
r-patched-solaris-x86 0.54.0 869.00 NOTE
r-release-linux-x86_64 0.54.0 110.65 155.71 266.36 OK
r-release-windows-ix86+x86_64 0.54.0 327.00 470.00 797.00 NOTE
r-release-osx-x86_64 0.54.0 NOTE
r-oldrel-windows-ix86+x86_64 0.54.0 318.00 299.00 617.00 NOTE
r-oldrel-osx-x86_64 0.54.0 NOTE

Check Details

Version: 0.54.0
Check: installed package size
Result: NOTE
     installed size is 9.7Mb
     sub-directories of 1Mb or more:
     libs 9.0Mb
Flavors: r-devel-linux-x86_64-fedora-clang, r-devel-windows-ix86+x86_64, r-patched-solaris-x86, r-release-windows-ix86+x86_64, r-release-osx-x86_64, r-oldrel-windows-ix86+x86_64, r-oldrel-osx-x86_64