CRAN Package Check Results for Package mau

Last updated on 2021-06-21 05:49:43 CEST.

Flavor Version Tinstall Tcheck Ttotal Status Flags
r-devel-linux-x86_64-debian-clang 0.1.2 6.04 70.03 76.07 NOTE
r-devel-linux-x86_64-debian-gcc 0.1.2 4.41 51.21 55.62 NOTE
r-devel-linux-x86_64-fedora-clang 0.1.2 97.69 NOTE
r-devel-linux-x86_64-fedora-gcc 0.1.2 85.57 NOTE
r-devel-windows-x86_64 0.1.2 10.00 66.00 76.00 OK
r-devel-windows-x86_64-gcc10-UCRT 0.1.2 OK
r-patched-linux-x86_64 0.1.2 6.31 63.58 69.89 NOTE
r-patched-solaris-x86 0.1.2 137.30 NOTE
r-release-linux-x86_64 0.1.2 5.49 63.45 68.94 NOTE
r-release-macos-arm64 0.1.2 OK
r-release-macos-x86_64 0.1.2 OK
r-release-windows-ix86+x86_64 0.1.2 11.00 93.00 104.00 OK
r-oldrel-macos-x86_64 0.1.2 OK

Check Details

Version: 0.1.2
Check: for non-standard things in the check directory
Result: NOTE
    Found the following files/directories:
     'utilities.R'
Flavors: r-devel-linux-x86_64-debian-clang, r-devel-linux-x86_64-debian-gcc, r-devel-linux-x86_64-fedora-clang, r-devel-linux-x86_64-fedora-gcc, r-patched-linux-x86_64, r-patched-solaris-x86, r-release-linux-x86_64